Last updated on 2023-05-28 17:55:22 CEST.
Flavor | Version | Tinstall | Tcheck | Ttotal | Status | Flags |
---|---|---|---|---|---|---|
r-devel-linux-x86_64-debian-clang | 2.8 | 36.38 | 271.99 | 308.37 | OK | |
r-devel-linux-x86_64-debian-gcc | 2.8 | 35.75 | 200.35 | 236.10 | OK | |
r-devel-linux-x86_64-fedora-clang | 2.8 | 387.65 | OK | |||
r-devel-linux-x86_64-fedora-gcc | 2.8 | 401.07 | OK | |||
r-devel-windows-x86_64 | 2.8 | 41.00 | 198.00 | 239.00 | OK | |
r-patched-linux-x86_64 | 2.8 | 36.31 | 250.65 | 286.96 | OK | |
r-release-linux-x86_64 | 2.8 | 32.19 | 251.80 | 283.99 | OK | |
r-release-macos-arm64 | 2.8 | 111.00 | OK | |||
r-release-macos-x86_64 | 2.8 | 185.00 | NOTE | |||
r-release-windows-x86_64 | 2.8 | 51.00 | 260.00 | 311.00 | OK | |
r-oldrel-macos-arm64 | 2.8 | 99.00 | OK | |||
r-oldrel-macos-x86_64 | 2.8 | 127.00 | OK | |||
r-oldrel-windows-x86_64 | 2.8 | 52.00 | 251.00 | 303.00 | OK |
Version: 2.8
Check: package dependencies
Result: NOTE
Packages suggested but not available for checking: 'missMDA', 'Factoshiny'
Flavor: r-release-macos-x86_64