CRAN Package Check Results for Package FastGaSP

Last updated on 2020-10-20 11:48:30 CEST.

Flavor Version Tinstall Tcheck Ttotal Status Flags
r-devel-linux-x86_64-debian-clang 0.5.1 40.03 32.26 72.29 OK
r-devel-linux-x86_64-debian-gcc 0.5.1 31.89 26.29 58.18 OK
r-devel-linux-x86_64-fedora-clang 0.5.1 105.92 NOTE
r-devel-linux-x86_64-fedora-gcc 0.5.1 92.89 NOTE
r-devel-windows-ix86+x86_64 0.5.1 61.00 66.00 127.00 OK
r-patched-linux-x86_64 0.5.1 38.85 31.64 70.49 OK
r-patched-solaris-x86 0.5.1 104.70 NOTE
r-release-linux-x86_64 0.5.1 35.06 31.39 66.45 OK
r-release-macos-x86_64 0.5.1 NOTE
r-release-windows-ix86+x86_64 0.5.1 68.00 86.00 154.00 OK
r-oldrel-macos-x86_64 0.5.1 NOTE
r-oldrel-windows-ix86+x86_64 0.5.1 56.00 64.00 120.00 OK

Check Details

Version: 0.5.1
Check: installed package size
Result: NOTE
     installed size is 8.0Mb
     sub-directories of 1Mb or more:
     libs 7.7Mb
Flavors: r-devel-linux-x86_64-fedora-clang, r-release-macos-x86_64, r-oldrel-macos-x86_64

Version: 0.5.1
Check: dependencies in R code
Result: NOTE
    Namespace in Imports field not imported from: ‘RobustGaSP’
     All declared Imports should be used.
Flavors: r-devel-linux-x86_64-fedora-clang, r-devel-linux-x86_64-fedora-gcc, r-patched-solaris-x86, r-release-macos-x86_64, r-oldrel-macos-x86_64