CRAN Package Check Results for Package FastHCS

Last updated on 2021-07-31 17:50:31 CEST.

Flavor Version Tinstall Tcheck Ttotal Status Flags
r-devel-linux-x86_64-debian-clang 0.0.7 40.59 28.22 68.81 OK
r-devel-linux-x86_64-debian-gcc 0.0.7 32.09 24.50 56.59 OK
r-devel-linux-x86_64-fedora-clang 0.0.7 101.77 NOTE
r-devel-linux-x86_64-fedora-gcc 0.0.7 91.26 NOTE
r-devel-windows-x86_64 0.0.7 33.00 58.00 91.00 OK
r-devel-windows-x86_64-gcc10-UCRT 0.0.7 OK
r-patched-linux-x86_64 0.0.7 OK
r-patched-solaris-x86 0.0.7 92.50 OK
r-release-linux-x86_64 0.0.7 35.47 29.33 64.80 OK
r-release-macos-arm64 0.0.7 NOTE
r-release-macos-x86_64 0.0.7 NOTE
r-release-windows-ix86+x86_64 0.0.7 84.00 64.00 148.00 OK
r-oldrel-macos-x86_64 0.0.7 NOTE
r-oldrel-windows-ix86+x86_64 0.0.7 63.00 70.00 133.00 OK

Check Details

Version: 0.0.7
Check: installed package size
Result: NOTE
     installed size is 16.3Mb
     sub-directories of 1Mb or more:
     data 1.3Mb
     libs 14.9Mb
Flavors: r-devel-linux-x86_64-fedora-clang, r-release-macos-arm64, r-release-macos-x86_64, r-oldrel-macos-x86_64

Version: 0.0.7
Check: compiled code
Result: NOTE
    File ‘FastHCS/libs/FastHCS.so’:
     Found no calls to: ‘R_registerRoutines’, ‘R_useDynamicSymbols’
    
    It is good practice to register native routines and to disable symbol
    search.
    
    See ‘Writing portable packages’ in the ‘Writing R Extensions’ manual.
Flavors: r-devel-linux-x86_64-fedora-clang, r-devel-linux-x86_64-fedora-gcc