Last updated on 2023-09-28 11:55:31 CEST.
Flavor | Version | Tinstall | Tcheck | Ttotal | Status | Flags |
---|---|---|---|---|---|---|
r-devel-linux-x86_64-debian-clang | 1.3.1 | 609.65 | 127.95 | 737.60 | OK | |
r-devel-linux-x86_64-debian-gcc | 1.3.1 | 460.37 | 120.97 | 581.34 | OK | |
r-devel-linux-x86_64-fedora-clang | 1.3.1 | 991.48 | OK | |||
r-devel-linux-x86_64-fedora-gcc | 1.3.1 | 1159.01 | OK | |||
r-devel-windows-x86_64 | 1.3.1 | 414.00 | 160.00 | 574.00 | OK | |
r-patched-linux-x86_64 | 1.3.1 | 439.22 | 153.34 | 592.56 | OK | |
r-release-linux-x86_64 | 1.3.1 | 455.55 | 151.54 | 607.09 | OK | |
r-release-macos-arm64 | 1.3.1 | 278.00 | NOTE | |||
r-release-macos-x86_64 | 1.3.1 | 448.00 | NOTE | |||
r-release-windows-x86_64 | 1.3.1 | 537.00 | 204.00 | 741.00 | OK | |
r-oldrel-macos-arm64 | 1.3.1 | 273.00 | NOTE | |||
r-oldrel-macos-x86_64 | 1.3.1 | 317.00 | NOTE | |||
r-oldrel-windows-x86_64 | 1.3.1 | 494.00 | 183.00 | 677.00 | OK |
Version: 1.3.1
Check: installed package size
Result: NOTE
installed size is 40.0Mb
sub-directories of 1Mb or more:
libs 39.6Mb
Flavors: r-release-macos-arm64, r-release-macos-x86_64, r-oldrel-macos-arm64, r-oldrel-macos-x86_64