CRAN Package Check Results for Package FastRWeb

Last updated on 2024-06-18 17:49:07 CEST.

Flavor Version Tinstall Tcheck Ttotal Status Flags
r-devel-linux-x86_64-debian-clang 1.2-1 12.08 29.07 41.15 NOTE
r-devel-linux-x86_64-debian-gcc 1.2-1 7.94 22.18 30.12 NOTE
r-devel-linux-x86_64-fedora-clang 1.2-1 55.76 NOTE
r-devel-linux-x86_64-fedora-gcc 1.2-1 53.34 NOTE
r-devel-windows-x86_64 1.2-1 14.00 43.00 57.00 NOTE
r-patched-linux-x86_64 1.2-1 10.74 27.81 38.55 NOTE
r-release-linux-x86_64 1.2-1 9.99 28.41 38.40 NOTE
r-release-macos-arm64 1.2-1 28.00 NOTE
r-release-macos-x86_64 1.2-1 48.00 NOTE
r-release-windows-x86_64 1.2-1 14.00 42.00 56.00 NOTE
r-oldrel-macos-arm64 1.2-1 32.00 NOTE
r-oldrel-macos-x86_64 1.2-1 68.00 NOTE
r-oldrel-windows-x86_64 1.2-1 16.00 46.00 62.00 NOTE

Check Details

Version: 1.2-1
Check: R code for possible problems
Result: NOTE .run: no visible binding for global variable ‘init’ .run: no visible global function definition for ‘init’ .run: no visible binding for global variable ‘run’ Undefined global functions or variables: init run Flavors: r-devel-linux-x86_64-debian-clang, r-devel-linux-x86_64-debian-gcc, r-devel-linux-x86_64-fedora-clang, r-devel-linux-x86_64-fedora-gcc, r-devel-windows-x86_64, r-patched-linux-x86_64, r-release-linux-x86_64, r-release-macos-arm64, r-release-macos-x86_64, r-release-windows-x86_64, r-oldrel-macos-arm64, r-oldrel-macos-x86_64, r-oldrel-windows-x86_64

Version: 1.2-1
Check: compiled code
Result: NOTE Note: information on .o files is not available Flavors: r-devel-linux-x86_64-debian-clang, r-devel-linux-x86_64-debian-gcc, r-patched-linux-x86_64, r-release-linux-x86_64, r-release-macos-arm64, r-release-macos-x86_64, r-oldrel-macos-arm64, r-oldrel-macos-x86_64

Version: 1.2-1
Check: compiled code
Result: NOTE Note: information on .o files is not available File ‘FastRWeb/libs/null.so’: Found no calls to: ‘R_registerRoutines’, ‘R_useDynamicSymbols’ It is good practice to register native routines and to disable symbol search. See ‘Writing portable packages’ in the ‘Writing R Extensions’ manual. Flavors: r-devel-linux-x86_64-fedora-clang, r-devel-linux-x86_64-fedora-gcc

Version: 1.2-1
Check: installed package size
Result: NOTE installed size is 5.3Mb sub-directories of 1Mb or more: Rcgi 2.6Mb cgi-bin 2.5Mb Flavors: r-devel-windows-x86_64, r-release-windows-x86_64, r-oldrel-windows-x86_64