CRAN Package Check Results for Package FastRWeb

Last updated on 2021-01-17 11:49:20 CET.

Flavor Version Tinstall Tcheck Ttotal Status Flags
r-devel-linux-x86_64-debian-clang 1.1-3 9.30 27.04 36.34 NOTE
r-devel-linux-x86_64-debian-gcc 1.1-3 6.11 21.74 27.85 NOTE
r-devel-linux-x86_64-fedora-clang 1.1-3 56.17 NOTE
r-devel-linux-x86_64-fedora-gcc 1.1-3 44.63 NOTE
r-devel-windows-ix86+x86_64 1.1-3 19.00 35.00 54.00 NOTE
r-patched-linux-x86_64 1.1-3 7.65 26.02 33.67 NOTE
r-patched-solaris-x86 1.1-3 14.20 ERROR
r-release-linux-x86_64 1.1-3 7.05 25.98 33.03 NOTE
r-release-macos-x86_64 1.1-3 NOTE
r-release-windows-ix86+x86_64 1.1-3 21.00 46.00 67.00 NOTE
r-oldrel-macos-x86_64 1.1-3 NOTE
r-oldrel-windows-ix86+x86_64 1.1-3 16.00 34.00 50.00 NOTE

Check Details

Version: 1.1-3
Check: R code for possible problems
Result: NOTE
    .run: no visible binding for global variable 'init'
    .run: no visible global function definition for 'init'
    .run: no visible binding for global variable 'run'
    Undefined global functions or variables:
     init run
Flavors: r-devel-linux-x86_64-debian-clang, r-devel-linux-x86_64-debian-gcc, r-devel-linux-x86_64-fedora-clang, r-devel-linux-x86_64-fedora-gcc, r-devel-windows-ix86+x86_64, r-patched-linux-x86_64, r-release-linux-x86_64, r-release-macos-x86_64, r-release-windows-ix86+x86_64, r-oldrel-macos-x86_64, r-oldrel-windows-ix86+x86_64

Version: 1.1-3
Check: compiled code
Result: NOTE
    Note: information on .o files is not available
Flavors: r-devel-linux-x86_64-debian-clang, r-devel-linux-x86_64-debian-gcc, r-patched-linux-x86_64, r-release-linux-x86_64, r-release-macos-x86_64, r-oldrel-macos-x86_64

Version: 1.1-3
Check: compiled code
Result: NOTE
    Note: information on .o files is not available
    File ‘FastRWeb/libs/null.so’:
     Found no calls to: ‘R_registerRoutines’, ‘R_useDynamicSymbols’
    
    It is good practice to register native routines and to disable symbol
    search.
    
    See ‘Writing portable packages’ in the ‘Writing R Extensions’ manual.
Flavors: r-devel-linux-x86_64-fedora-clang, r-devel-linux-x86_64-fedora-gcc

Version: 1.1-3
Check: installed package size
Result: NOTE
     installed size is 5.7Mb
     sub-directories of 1Mb or more:
     Rcgi 2.8Mb
     cgi-bin 2.7Mb
Flavors: r-devel-windows-ix86+x86_64, r-release-windows-ix86+x86_64

Version: 1.1-3
Check: package dependencies
Result: NOTE
    Package suggested but not available for checking: ‘Rserve’
Flavor: r-patched-solaris-x86

Version: 1.1-3
Check: whether package can be installed
Result: ERROR
    Installation failed.
Flavor: r-patched-solaris-x86