CRAN Package Check Results for Package FateID

Last updated on 2020-12-04 23:48:16 CET.

Flavor Version Tinstall Tcheck Ttotal Status Flags
r-devel-linux-x86_64-debian-clang 0.1.9 12.58 183.73 196.31 OK
r-devel-linux-x86_64-debian-gcc 0.1.9 8.73 138.69 147.42 OK
r-devel-linux-x86_64-fedora-clang 0.1.9 238.97 NOTE
r-devel-linux-x86_64-fedora-gcc 0.1.9 229.29 OK
r-devel-windows-ix86+x86_64 0.1.9 23.00 223.00 246.00 OK
r-patched-linux-x86_64 0.1.9 10.04 178.12 188.16 OK
r-patched-solaris-x86 0.1.9 359.90 NOTE
r-release-linux-x86_64 0.1.9 10.56 177.69 188.25 OK
r-release-macos-x86_64 0.1.9 WARN
r-release-windows-ix86+x86_64 0.1.9 16.00 204.00 220.00 OK
r-oldrel-macos-x86_64 0.1.9 WARN
r-oldrel-windows-ix86+x86_64 0.1.9 19.00 229.00 248.00 OK

Check Details

Version: 0.1.9
Check: installed package size
Result: NOTE
     installed size is 5.0Mb
     sub-directories of 1Mb or more:
     doc 4.4Mb
Flavors: r-devel-linux-x86_64-fedora-clang, r-patched-solaris-x86

Version: 0.1.9
Check: package dependencies
Result: NOTE
    Package suggested but not available for checking: ‘destiny’
Flavor: r-release-macos-x86_64

Version: 0.1.9
Check: re-building of vignette outputs
Result: WARN
    Error(s) in re-building vignettes:
     ...
    --- re-building ‘FateID.Rmd’ using rmarkdown
    Warning in engine$weave(file, quiet = quiet, encoding = enc) :
     Pandoc (>= 1.12.3) and/or pandoc-citeproc not available. Falling back to R Markdown v1.
    Quitting from lines 141-142 (FateID.Rmd)
    Error: processing vignette 'FateID.Rmd' failed with diagnostics:
    there is no package called 'destiny'
    --- failed re-building ‘FateID.Rmd’
    
    SUMMARY: processing the following file failed:
     ‘FateID.Rmd’
    
    Error: Vignette re-building failed.
    Execution halted
Flavors: r-release-macos-x86_64, r-oldrel-macos-x86_64

Version: 0.1.9
Check: package dependencies
Result: NOTE
    Packages suggested but not available for checking: 'DESeq2', 'destiny'
Flavor: r-oldrel-macos-x86_64