CRAN Package Check Results for Package FeedbackTS

Last updated on 2019-07-16 05:48:12 CEST.

Flavor Version Tinstall Tcheck Ttotal Status Flags
r-devel-linux-x86_64-debian-clang 1.4 6.82 54.60 61.42 OK
r-devel-linux-x86_64-debian-gcc 1.4 5.29 43.14 48.43 OK
r-devel-linux-x86_64-fedora-clang 1.4 75.95 OK
r-devel-linux-x86_64-fedora-gcc 1.4 70.43 OK
r-devel-windows-ix86+x86_64 1.4 17.00 98.00 115.00 OK
r-patched-linux-x86_64 1.4 6.64 57.17 63.81 OK
r-patched-solaris-x86 1.4 123.10 OK
r-release-linux-x86_64 1.4 6.76 54.91 61.67 OK
r-release-windows-ix86+x86_64 1.4 9.00 94.00 103.00 OK
r-release-osx-x86_64 1.4 FAIL
r-oldrel-windows-ix86+x86_64 1.4 10.00 85.00 95.00 OK
r-oldrel-osx-x86_64 1.4 OK

Check Details

Version: 1.4
Check: whether package can be installed
Result: FAIL
    
Flavor: r-release-osx-x86_64