CRAN Package Check Results for Package Fiscore

Last updated on 2022-08-20 00:52:00 CEST.

Flavor Version Tinstall Tcheck Ttotal Status Flags
r-devel-linux-x86_64-debian-clang 0.1.3 3.46 69.97 73.43 OK
r-devel-linux-x86_64-debian-gcc 0.1.3 3.40 51.25 54.65 OK
r-devel-linux-x86_64-fedora-clang 0.1.3 98.03 NOTE
r-devel-linux-x86_64-fedora-gcc 0.1.3 96.06 NOTE
r-devel-windows-x86_64 0.1.3 17.00 109.00 126.00 NOTE
r-patched-linux-x86_64 0.1.3 3.36 66.23 69.59 OK
r-release-linux-x86_64 0.1.3 OK
r-release-macos-arm64 0.1.3 35.00 NOTE
r-release-macos-x86_64 0.1.3 51.00 NOTE
r-release-windows-x86_64 0.1.3 24.00 105.00 129.00 NOTE
r-oldrel-macos-arm64 0.1.3 210.00 NOTE
r-oldrel-macos-x86_64 0.1.3 59.00 NOTE
r-oldrel-windows-ix86+x86_64 0.1.3 11.00 103.00 114.00 NOTE

Check Details

Version: 0.1.3
Check: installed package size
Result: NOTE
     installed size is 6.8Mb
     sub-directories of 1Mb or more:
     doc 5.8Mb
Flavors: r-devel-linux-x86_64-fedora-clang, r-devel-windows-x86_64, r-release-macos-arm64, r-release-macos-x86_64, r-release-windows-x86_64, r-oldrel-macos-arm64, r-oldrel-macos-x86_64, r-oldrel-windows-ix86+x86_64

Version: 0.1.3
Check: dependencies in R code
Result: NOTE
    Namespaces in Imports field not imported from:
     ‘knitr’ ‘rmarkdown’
     All declared Imports should be used.
Flavors: r-devel-linux-x86_64-fedora-clang, r-devel-linux-x86_64-fedora-gcc, r-release-macos-arm64, r-release-macos-x86_64, r-oldrel-macos-arm64, r-oldrel-macos-x86_64