Last updated on 2023-06-07 17:55:37 CEST.
Flavor | Version | Tinstall | Tcheck | Ttotal | Status | Flags |
---|---|---|---|---|---|---|
r-devel-linux-x86_64-debian-clang | 1.2.6 | 6.37 | 60.32 | 66.69 | OK | |
r-devel-linux-x86_64-debian-gcc | 1.2.6 | 5.12 | 44.38 | 49.50 | OK | |
r-devel-linux-x86_64-fedora-clang | 1.2.6 | 81.24 | NOTE | |||
r-devel-linux-x86_64-fedora-gcc | 1.2.6 | 76.98 | OK | |||
r-devel-windows-x86_64 | 1.2.6 | 7.00 | 73.00 | 80.00 | OK | |
r-patched-linux-x86_64 | 1.2.6 | 7.03 | 57.56 | 64.59 | OK | |
r-release-linux-x86_64 | 1.2.6 | 6.89 | 57.45 | 64.34 | OK | |
r-release-macos-arm64 | 1.2.6 | 26.00 | OK | |||
r-release-macos-x86_64 | 1.2.6 | 48.00 | OK | |||
r-release-windows-x86_64 | 1.2.6 | 9.00 | 82.00 | 91.00 | OK | |
r-oldrel-macos-arm64 | 1.2.6 | 27.00 | OK | |||
r-oldrel-macos-x86_64 | 1.2.6 | 35.00 | OK | |||
r-oldrel-windows-x86_64 | 1.2.6 | 8.00 | 75.00 | 83.00 | OK |
Version: 1.2.6
Check: Rd cross-references
Result: NOTE
Undeclared package ‘Kendall’ in Rd xrefs
Flavor: r-devel-linux-x86_64-fedora-clang