Last updated on 2024-08-16 11:49:40 CEST.
Flavor | Version | Tinstall | Tcheck | Ttotal | Status | Flags |
---|---|---|---|---|---|---|
r-devel-linux-x86_64-debian-clang | 1.0.1 | 8.80 | 66.64 | 75.44 | NOTE | |
r-devel-linux-x86_64-debian-gcc | 1.0.1 | 6.62 | 48.33 | 54.95 | NOTE | |
r-devel-linux-x86_64-fedora-clang | 1.0.1 | 121.21 | NOTE | |||
r-devel-linux-x86_64-fedora-gcc | 1.0.1 | 157.86 | NOTE | |||
r-devel-windows-x86_64 | 1.0.1 | 11.00 | 77.00 | 88.00 | NOTE | |
r-patched-linux-x86_64 | 1.0.1 | 7.56 | 60.97 | 68.53 | NOTE | |
r-release-linux-x86_64 | 1.0.1 | 8.48 | 63.18 | 71.66 | NOTE | |
r-release-macos-arm64 | 1.0.1 | 50.00 | NOTE | |||
r-release-macos-x86_64 | 1.0.1 | 104.00 | NOTE | |||
r-release-windows-x86_64 | 1.0.1 | 11.00 | 77.00 | 88.00 | NOTE | |
r-oldrel-macos-arm64 | 1.0.1 | 48.00 | NOTE | |||
r-oldrel-macos-x86_64 | 1.0.1 | 81.00 | NOTE | |||
r-oldrel-windows-x86_64 | 1.0.1 | 13.00 | 91.00 | 104.00 | NOTE |
Version: 1.0.1
Check: LazyData
Result: NOTE
'LazyData' is specified without a 'data' directory
Flavors: r-devel-linux-x86_64-debian-clang, r-devel-linux-x86_64-debian-gcc, r-devel-linux-x86_64-fedora-clang, r-devel-linux-x86_64-fedora-gcc, r-devel-windows-x86_64, r-patched-linux-x86_64, r-release-linux-x86_64, r-release-macos-arm64, r-release-macos-x86_64, r-release-windows-x86_64, r-oldrel-macos-arm64, r-oldrel-macos-x86_64, r-oldrel-windows-x86_64
Version: 1.0.1
Check: dependencies in R code
Result: NOTE
Namespace in Imports field not imported from: ‘decomposedPSF’
All declared Imports should be used.
Flavors: r-devel-linux-x86_64-fedora-clang, r-devel-linux-x86_64-fedora-gcc