CRAN Package Check Results for Package ForestGapR

Last updated on 2022-11-27 11:55:48 CET.

Flavor Version Tinstall Tcheck Ttotal Status Flags
r-devel-linux-x86_64-debian-clang 0.1.6 2.25 71.90 74.15 OK
r-devel-linux-x86_64-debian-gcc 0.1.6 1.64 53.73 55.37 OK
r-devel-linux-x86_64-fedora-clang 0.1.6 101.17 NOTE
r-devel-linux-x86_64-fedora-gcc 0.1.6 98.22 NOTE
r-devel-windows-x86_64 0.1.6 16.00 102.00 118.00 OK
r-patched-linux-x86_64 0.1.6 2.84 68.68 71.52 OK
r-release-linux-x86_64 0.1.6 2.73 68.15 70.88 OK
r-release-macos-arm64 0.1.6 29.00 NOTE
r-release-macos-x86_64 0.1.6 51.00 NOTE
r-release-windows-x86_64 0.1.6 9.00 108.00 117.00 OK
r-oldrel-macos-arm64 0.1.6 21.00 NOTE
r-oldrel-macos-x86_64 0.1.6 31.00 NOTE
r-oldrel-windows-ix86+x86_64 0.1.6 7.00 95.00 102.00 OK

Check Details

Version: 0.1.6
Check: dependencies in R code
Result: NOTE
    Namespaces in Imports field not imported from:
     ‘igraph’ ‘rgeos’ ‘viridis’
     All declared Imports should be used.
Flavors: r-devel-linux-x86_64-fedora-clang, r-devel-linux-x86_64-fedora-gcc, r-release-macos-arm64, r-release-macos-x86_64, r-oldrel-macos-arm64, r-oldrel-macos-x86_64

Version: 0.1.6
Check: Rd cross-references
Result: NOTE
    Undeclared package ‘rgdal’ in Rd xrefs
Flavor: r-devel-linux-x86_64-fedora-clang