Last updated on 2024-08-31 23:49:04 CEST.
Flavor | Version | Tinstall | Tcheck | Ttotal | Status | Flags |
---|---|---|---|---|---|---|
r-devel-linux-x86_64-debian-clang | 1.1.2 | 3.67 | 33.80 | 37.47 | OK | |
r-devel-linux-x86_64-debian-gcc | 1.1.2 | 2.65 | 26.02 | 28.67 | OK | |
r-devel-linux-x86_64-fedora-clang | 1.1.2 | 61.62 | NOTE | |||
r-devel-linux-x86_64-fedora-gcc | 1.1.2 | 75.09 | NOTE | |||
r-devel-windows-x86_64 | 1.1.2 | 5.00 | 54.00 | 59.00 | OK | |
r-patched-linux-x86_64 | 1.1.2 | 3.57 | 32.25 | 35.82 | OK | |
r-release-linux-x86_64 | 1.1.2 | 3.54 | 32.40 | 35.94 | OK | |
r-release-macos-arm64 | 1.1.2 | 30.00 | OK | |||
r-release-macos-x86_64 | 1.1.2 | 43.00 | OK | |||
r-release-windows-x86_64 | 1.1.2 | 6.00 | 55.00 | 61.00 | OK | |
r-oldrel-macos-arm64 | 1.1.2 | 34.00 | OK | |||
r-oldrel-macos-x86_64 | 1.1.2 | 52.00 | OK | |||
r-oldrel-windows-x86_64 | 1.1.2 | 7.00 | 56.00 | 63.00 | OK |
Version: 1.1.2
Check: dependencies in R code
Result: NOTE
Namespaces in Imports field not imported from:
‘TreeSim’ ‘shinyjs’
All declared Imports should be used.
Flavors: r-devel-linux-x86_64-fedora-clang, r-devel-linux-x86_64-fedora-gcc