CRAN Package Check Results for Package FuzzySTs

Last updated on 2021-06-20 11:51:17 CEST.

Flavor Version Tinstall Tcheck Ttotal Status Flags
r-devel-linux-x86_64-debian-clang 0.2 17.21 158.81 176.02 NOTE
r-devel-linux-x86_64-debian-gcc 0.2 14.53 119.62 134.15 NOTE
r-devel-linux-x86_64-fedora-clang 0.2 217.04 NOTE
r-devel-linux-x86_64-fedora-gcc 0.2 208.80 NOTE
r-devel-windows-x86_64 0.2 28.00 150.00 178.00 NOTE
r-devel-windows-x86_64-gcc10-UCRT 0.2 NOTE
r-patched-linux-x86_64 0.2 16.90 154.99 171.89 NOTE
r-patched-solaris-x86 0.2 299.40 NOTE
r-release-linux-x86_64 0.2 16.47 153.43 169.90 NOTE
r-release-macos-arm64 0.2 NOTE
r-release-macos-x86_64 0.2 NOTE
r-release-windows-ix86+x86_64 0.2 28.00 190.00 218.00 NOTE
r-oldrel-macos-x86_64 0.2 OK
r-oldrel-windows-ix86+x86_64 0.2 20.00 195.00 215.00 OK

Check Details

Version: 0.2
Check: LazyData
Result: NOTE
     'LazyData' is specified without a 'data' directory
Flavors: r-devel-linux-x86_64-debian-clang, r-devel-linux-x86_64-debian-gcc, r-devel-linux-x86_64-fedora-clang, r-devel-linux-x86_64-fedora-gcc, r-devel-windows-x86_64, r-devel-windows-x86_64-gcc10-UCRT, r-patched-linux-x86_64, r-patched-solaris-x86, r-release-linux-x86_64, r-release-macos-arm64, r-release-macos-x86_64, r-release-windows-ix86+x86_64