CRAN Package Check Results for Package GALLO

Last updated on 2022-10-07 17:52:01 CEST.

Flavor Version Tinstall Tcheck Ttotal Status Flags
r-devel-linux-x86_64-debian-clang 1.3 10.11 122.88 132.99 OK
r-devel-linux-x86_64-debian-gcc 1.3 8.11 87.30 95.41 OK
r-devel-linux-x86_64-fedora-clang 1.3 173.21 NOTE
r-devel-linux-x86_64-fedora-gcc 1.3 157.02 NOTE
r-devel-windows-x86_64 1.3 27.00 162.00 189.00 OK
r-patched-linux-x86_64 1.3 8.70 117.31 126.01 OK
r-release-linux-x86_64 1.3 5.93 118.03 123.96 OK
r-release-macos-arm64 1.3 56.00 NOTE
r-release-macos-x86_64 1.3 92.00 NOTE
r-release-windows-x86_64 1.3 28.00 157.00 185.00 OK
r-oldrel-macos-arm64 1.3 46.00 NOTE
r-oldrel-macos-x86_64 1.3 87.00 NOTE
r-oldrel-windows-ix86+x86_64 1.3 22.00 147.00 169.00 OK

Check Details

Version: 1.3
Check: dependencies in R code
Result: NOTE
    Namespaces in Imports field not imported from:
     ‘DT’ ‘webshot’
     All declared Imports should be used.
Flavors: r-devel-linux-x86_64-fedora-clang, r-devel-linux-x86_64-fedora-gcc, r-release-macos-arm64, r-release-macos-x86_64, r-oldrel-macos-arm64, r-oldrel-macos-x86_64