Last updated on 2024-08-16 11:49:41 CEST.
Flavor | Version | Tinstall | Tcheck | Ttotal | Status | Flags |
---|---|---|---|---|---|---|
r-devel-linux-x86_64-debian-clang | 2.1 | 13.27 | 176.68 | 189.95 | NOTE | |
r-devel-linux-x86_64-debian-gcc | 2.1 | 8.37 | 120.48 | 128.85 | NOTE | |
r-devel-linux-x86_64-fedora-clang | 2.1 | 303.45 | OK | |||
r-devel-linux-x86_64-fedora-gcc | 2.1 | 300.70 | OK | |||
r-devel-windows-x86_64 | 2.1 | 17.00 | 191.00 | 208.00 | NOTE | |
r-patched-linux-x86_64 | 2.1 | 20.52 | 167.40 | 187.92 | OK | |
r-release-linux-x86_64 | 2.1 | 11.21 | 169.68 | 180.89 | OK | |
r-release-macos-arm64 | 2.1 | 85.00 | OK | |||
r-release-macos-x86_64 | 2.1 | 123.00 | OK | |||
r-release-windows-x86_64 | 2.1 | 20.00 | 191.00 | 211.00 | OK | |
r-oldrel-macos-arm64 | 2.1 | 91.00 | OK | |||
r-oldrel-macos-x86_64 | 2.1 | 197.00 | OK | |||
r-oldrel-windows-x86_64 | 2.1 | 24.00 | 250.00 | 274.00 | OK |
Version: 2.1
Check: Rd cross-references
Result: NOTE
Found the following Rd file(s) with Rd \link{} targets missing package
anchors:
angles.csa.Rd: MCA
dimdescr.Rd: dimdesc
medoids.Rd: cluster, pam
modif.rate.Rd: MCA
Please provide package anchors for all Rd \link{} targets not in the
package itself and the base packages.
Flavors: r-devel-linux-x86_64-debian-clang, r-devel-linux-x86_64-debian-gcc, r-devel-windows-x86_64