Last updated on 2021-02-27 23:50:38 CET.
Flavor | Version | Tinstall | Tcheck | Ttotal | Status | Flags |
---|---|---|---|---|---|---|
r-devel-linux-x86_64-debian-clang | 2.8.0 | 255.31 | 108.69 | 364.00 | OK | |
r-devel-linux-x86_64-debian-gcc | 2.8.0 | 169.25 | 80.46 | 249.71 | OK | |
r-devel-linux-x86_64-fedora-clang | 2.8.0 | 539.01 | NOTE | |||
r-devel-linux-x86_64-fedora-gcc | 2.8.0 | 486.75 | OK | |||
r-devel-windows-ix86+x86_64 | 2.8.0 | 405.00 | 135.00 | 540.00 | OK | |
r-patched-linux-x86_64 | 2.8.0 | 204.19 | 99.22 | 303.41 | OK | |
r-patched-solaris-x86 | 2.8.0 | 425.70 | OK | |||
r-release-linux-x86_64 | 2.8.0 | 200.85 | 99.91 | 300.76 | OK | |
r-release-macos-x86_64 | 2.8.0 | NOTE | ||||
r-release-windows-ix86+x86_64 | 2.8.0 | 588.00 | 181.00 | 769.00 | OK | |
r-oldrel-macos-x86_64 | 2.8.0 | NOTE | ||||
r-oldrel-windows-ix86+x86_64 | 2.8.0 | 382.00 | 122.00 | 504.00 | OK |
Version: 2.8.0
Check: installed package size
Result: NOTE
installed size is 15.0Mb
sub-directories of 1Mb or more:
libs 14.0Mb
Flavors: r-devel-linux-x86_64-fedora-clang, r-release-macos-x86_64, r-oldrel-macos-x86_64