CRAN Package Check Results for Package GEC

Last updated on 2024-04-20 11:50:13 CEST.

Flavor Version Tinstall Tcheck Ttotal Status Flags
r-devel-linux-x86_64-debian-clang 0.1.0 10.38 108.17 118.55 OK
r-devel-linux-x86_64-debian-gcc 0.1.0 6.68 77.70 84.38 OK
r-devel-linux-x86_64-fedora-clang 0.1.0 146.16 OK
r-devel-linux-x86_64-fedora-gcc 0.1.0 139.23 OK
r-prerel-macos-arm64 0.1.0 36.00 ERROR
r-prerel-windows-x86_64 0.1.0 9.00 103.00 112.00 OK
r-patched-linux-x86_64 0.1.0 9.83 105.08 114.91 OK
r-release-linux-x86_64 0.1.0 10.53 110.05 120.58 OK
r-release-macos-arm64 0.1.0 44.00 ERROR
r-release-macos-x86_64 0.1.0 100.00 OK
r-release-windows-x86_64 0.1.0 12.00 120.00 132.00 OK
r-oldrel-macos-arm64 0.1.0 40.00 ERROR
r-oldrel-windows-x86_64 0.1.0 12.00 120.00 132.00 OK

Check Details

Version: 0.1.0
Check: examples
Result: ERROR Running examples in ‘GEC-Ex.R’ failed The error most likely occurred in: > ### Name: eep_optim > ### Title: The Wrapper Function that Returns the Final Estimates from > ### Maximum Likelihood Estimation for EEP. > ### Aliases: eep_optim > > ### ** Examples > > eep_optim(seq(1:100)) Error in stats::optim(init, lower = lower_bound, eep_nll, method = "L-BFGS-B", : L-BFGS-B needs finite values of 'fn' Calls: eep_optim -> raw_est_eep -> <Anonymous> Execution halted Flavors: r-prerel-macos-arm64, r-release-macos-arm64, r-oldrel-macos-arm64