Last updated on 2023-10-01 17:56:25 CEST.
Flavor | Version | Tinstall | Tcheck | Ttotal | Status | Flags |
---|---|---|---|---|---|---|
r-devel-linux-x86_64-debian-clang | 1.5.4 | 6.26 | 49.71 | 55.97 | NOTE | |
r-devel-linux-x86_64-debian-gcc | 1.5.4 | 4.90 | 37.54 | 42.44 | NOTE | |
r-devel-linux-x86_64-fedora-clang | 1.5.4 | 68.25 | NOTE | |||
r-devel-linux-x86_64-fedora-gcc | 1.5.4 | 80.03 | NOTE | |||
r-devel-windows-x86_64 | 1.5.4 | 7.00 | 66.00 | 73.00 | NOTE | |
r-patched-linux-x86_64 | 1.5.4 | 7.04 | 47.86 | 54.90 | OK | |
r-release-linux-x86_64 | 1.5.4 | 6.24 | 48.28 | 54.52 | OK | |
r-release-macos-arm64 | 1.5.4 | 35.00 | OK | |||
r-release-macos-x86_64 | 1.5.4 | 43.00 | OK | |||
r-release-windows-x86_64 | 1.5.4 | 9.00 | 68.00 | 77.00 | OK | |
r-oldrel-macos-arm64 | 1.5.4 | 27.00 | OK | |||
r-oldrel-macos-x86_64 | 1.5.4 | 36.00 | OK | |||
r-oldrel-windows-x86_64 | 1.5.4 | 10.00 | 71.00 | 81.00 | OK |
Version: 1.5.4
Check: Rd \usage sections
Result: NOTE
Documented arguments not in \usage in documentation object 'CirDisp':
‘x’
Documented arguments not in \usage in documentation object 'CirKurt':
‘x’ ‘na.rm’
Documented arguments not in \usage in documentation object 'CirSD':
‘x’
Documented arguments not in \usage in documentation object 'CirSkew':
‘x’
Documented arguments not in \usage in documentation object 'CirVar':
‘x’
Documented arguments not in \usage in documentation object 'MeanDir':
‘x’
Documented arguments not in \usage in documentation object 'impact':
‘na.rm’
Functions with \usage entries need to have the appropriate \alias
entries, and all their arguments documented.
The \usage entries must correspond to syntactically valid R code.
See chapter ‘Writing R documentation files’ in the ‘Writing R
Extensions’ manual.
Flavors: r-devel-linux-x86_64-debian-clang, r-devel-linux-x86_64-debian-gcc, r-devel-linux-x86_64-fedora-clang, r-devel-linux-x86_64-fedora-gcc, r-devel-windows-x86_64
Version: 1.5.4
Check: Rd cross-references
Result: NOTE
Undeclared package ‘mmap’ in Rd xrefs
Flavor: r-devel-linux-x86_64-fedora-clang