CRAN Package Check Results for Package GENEAread

Last updated on 2024-02-27 12:50:37 CET.

Flavor Version Tinstall Tcheck Ttotal Status Flags
r-devel-linux-x86_64-debian-clang 2.0.9 5.32 43.15 48.47 NOTE
r-devel-linux-x86_64-debian-gcc 2.0.9 5.34 31.87 37.21 NOTE
r-devel-linux-x86_64-fedora-clang 2.0.9 62.51 NOTE
r-devel-linux-x86_64-fedora-gcc 2.0.9 60.32 NOTE
r-devel-windows-x86_64 2.0.9 7.00 58.00 65.00 NOTE
r-patched-linux-x86_64 2.0.9 6.05 41.89 47.94 NOTE
r-release-linux-x86_64 2.0.9 5.26 42.44 47.70 NOTE
r-release-macos-arm64 2.0.9 25.00 NOTE
r-release-macos-x86_64 2.0.9 34.00 NOTE
r-release-windows-x86_64 2.0.9 9.00 61.00 70.00 NOTE
r-oldrel-macos-arm64 2.0.9 22.00 NOTE
r-oldrel-windows-x86_64 2.0.9 9.00 57.00 66.00 NOTE

Check Details

Version: 2.0.9
Check: Rd \usage sections
Result: NOTE Documented arguments not in \usage in Rd file 'expand.Rd': ‘x’ Documented arguments not in \usage in Rd file 'grapes-bq-grapes.Rd': ‘x’ Documented arguments not in \usage in Rd file 'grapes-bt-grapes.Rd': ‘x’ Documented arguments not in \usage in Rd file 'stftcalc.Rd': ‘x’ Functions with \usage entries need to have the appropriate \alias entries, and all their arguments documented. The \usage entries must correspond to syntactically valid R code. See chapter ‘Writing R documentation files’ in the ‘Writing R Extensions’ manual. Flavors: r-devel-linux-x86_64-debian-clang, r-devel-linux-x86_64-debian-gcc, r-devel-linux-x86_64-fedora-clang, r-devel-linux-x86_64-fedora-gcc, r-devel-windows-x86_64

Version: 2.0.9
Check: LazyData
Result: NOTE 'LazyData' is specified without a 'data' directory Flavors: r-devel-linux-x86_64-debian-clang, r-devel-linux-x86_64-debian-gcc, r-devel-linux-x86_64-fedora-clang, r-devel-linux-x86_64-fedora-gcc, r-devel-windows-x86_64, r-patched-linux-x86_64, r-release-linux-x86_64, r-release-macos-arm64, r-release-macos-x86_64, r-release-windows-x86_64, r-oldrel-macos-arm64, r-oldrel-windows-x86_64