CRAN Package Check Results for Package GENEAread

Last updated on 2021-06-20 17:49:37 CEST.

Flavor Version Tinstall Tcheck Ttotal Status Flags
r-devel-linux-x86_64-debian-clang 2.0.9 6.16 40.28 46.44 NOTE
r-devel-linux-x86_64-debian-gcc 2.0.9 4.68 30.98 35.66 NOTE
r-devel-linux-x86_64-fedora-clang 2.0.9 65.88 NOTE
r-devel-linux-x86_64-fedora-gcc 2.0.9 55.98 NOTE
r-devel-windows-x86_64 2.0.9 10.00 51.00 61.00 NOTE
r-devel-windows-x86_64-gcc10-UCRT 2.0.9 NOTE
r-patched-linux-x86_64 2.0.9 6.87 39.71 46.58 NOTE
r-patched-solaris-x86 2.0.9 75.70 NOTE
r-release-linux-x86_64 2.0.9 5.17 39.64 44.81 NOTE
r-release-macos-arm64 2.0.9 NOTE
r-release-macos-x86_64 2.0.9 NOTE
r-release-windows-ix86+x86_64 2.0.9 11.00 39.00 50.00 NOTE
r-oldrel-macos-x86_64 2.0.9 OK
r-oldrel-windows-ix86+x86_64 2.0.9 9.00 56.00 65.00 OK

Check Details

Version: 2.0.9
Check: LazyData
Result: NOTE
     'LazyData' is specified without a 'data' directory
Flavors: r-devel-linux-x86_64-debian-clang, r-devel-linux-x86_64-debian-gcc, r-devel-linux-x86_64-fedora-clang, r-devel-linux-x86_64-fedora-gcc, r-devel-windows-x86_64, r-devel-windows-x86_64-gcc10-UCRT, r-patched-linux-x86_64, r-patched-solaris-x86, r-release-linux-x86_64, r-release-macos-arm64, r-release-macos-x86_64, r-release-windows-ix86+x86_64