Last updated on 2023-03-27 06:50:07 CEST.
Flavor | Version | Tinstall | Tcheck | Ttotal | Status | Flags |
---|---|---|---|---|---|---|
r-devel-linux-x86_64-debian-clang | 0.1.0 | 5.34 | 58.62 | 63.96 | NOTE | |
r-devel-linux-x86_64-debian-gcc | 0.1.0 | 4.65 | 43.12 | 47.77 | NOTE | |
r-devel-linux-x86_64-fedora-clang | 0.1.0 | 80.88 | NOTE | |||
r-devel-linux-x86_64-fedora-gcc | 0.1.0 | 74.77 | NOTE | |||
r-devel-windows-x86_64 | 0.1.0 | 14.00 | 87.00 | 101.00 | NOTE | |
r-patched-linux-x86_64 | 0.1.0 | 5.83 | 54.24 | 60.07 | NOTE | |
r-release-linux-x86_64 | 0.1.0 | 4.27 | 56.38 | 60.65 | NOTE | |
r-release-macos-arm64 | 0.1.0 | 28.00 | NOTE | |||
r-release-macos-x86_64 | 0.1.0 | 57.00 | NOTE | |||
r-release-windows-x86_64 | 0.1.0 | 11.00 | 90.00 | 101.00 | NOTE | |
r-oldrel-macos-arm64 | 0.1.0 | 27.00 | NOTE | |||
r-oldrel-macos-x86_64 | 0.1.0 | 50.00 | NOTE | |||
r-oldrel-windows-ix86+x86_64 | 0.1.0 | 14.00 | 94.00 | 108.00 | NOTE |
Version: 0.1.0
Check: Rd files
Result: NOTE
checkRd: (-1) estGF.Rd:106: Escaped LaTeX specials: \&
checkRd: (-1) estGF.Rd:107: Escaped LaTeX specials: \&
Flavors: r-devel-linux-x86_64-debian-clang, r-devel-linux-x86_64-debian-gcc, r-devel-linux-x86_64-fedora-clang, r-devel-linux-x86_64-fedora-gcc, r-devel-windows-x86_64, r-patched-linux-x86_64
Version: 0.1.0
Check: LazyData
Result: NOTE
'LazyData' is specified without a 'data' directory
Flavors: r-devel-linux-x86_64-debian-clang, r-devel-linux-x86_64-debian-gcc, r-devel-linux-x86_64-fedora-clang, r-devel-linux-x86_64-fedora-gcc, r-devel-windows-x86_64, r-patched-linux-x86_64, r-release-linux-x86_64, r-release-macos-arm64, r-release-macos-x86_64, r-release-windows-x86_64, r-oldrel-macos-arm64, r-oldrel-macos-x86_64, r-oldrel-windows-ix86+x86_64