Last updated on 2025-02-01 11:49:27 CET.
Flavor | Version | Tinstall | Tcheck | Ttotal | Status | Flags |
---|---|---|---|---|---|---|
r-devel-linux-x86_64-debian-clang | 1.0.0 | 12.03 | 89.77 | 101.80 | NOTE | |
r-devel-linux-x86_64-debian-gcc | 1.0.0 | 8.38 | 62.28 | 70.66 | NOTE | |
r-devel-linux-x86_64-fedora-clang | 1.0.0 | 155.73 | NOTE | |||
r-devel-linux-x86_64-fedora-gcc | 1.0.0 | 159.44 | NOTE | |||
r-devel-windows-x86_64 | 1.0.0 | 11.00 | 103.00 | 114.00 | NOTE | |
r-patched-linux-x86_64 | 1.0.0 | 11.59 | 81.81 | 93.40 | NOTE | |
r-release-linux-x86_64 | 1.0.0 | 10.49 | 81.72 | 92.21 | NOTE | |
r-release-macos-arm64 | 1.0.0 | 46.00 | NOTE | |||
r-release-macos-x86_64 | 1.0.0 | 75.00 | NOTE | |||
r-release-windows-x86_64 | 1.0.0 | 12.00 | 102.00 | 114.00 | NOTE | |
r-oldrel-macos-arm64 | 1.0.0 | 50.00 | NOTE | |||
r-oldrel-macos-x86_64 | 1.0.0 | 86.00 | NOTE | |||
r-oldrel-windows-x86_64 | 1.0.0 | 16.00 | 124.00 | 140.00 | NOTE |
Version: 1.0.0
Check: Rd files
Result: NOTE
checkRd: (-1) constrained.Rd:37: Escaped LaTeX specials: \&
Flavors: r-devel-linux-x86_64-debian-clang, r-devel-linux-x86_64-debian-gcc, r-devel-linux-x86_64-fedora-clang, r-devel-linux-x86_64-fedora-gcc, r-devel-windows-x86_64, r-patched-linux-x86_64, r-release-linux-x86_64, r-release-macos-arm64, r-release-macos-x86_64, r-release-windows-x86_64, r-oldrel-macos-arm64, r-oldrel-macos-x86_64, r-oldrel-windows-x86_64
Version: 1.0.0
Check: dependencies in R code
Result: NOTE
Namespaces in Imports field not imported from:
‘Matrix’ ‘Rdpack’
All declared Imports should be used.
Flavors: r-devel-linux-x86_64-fedora-clang, r-devel-linux-x86_64-fedora-gcc