Last updated on 2023-09-29 11:55:55 CEST.
Flavor | Version | Tinstall | Tcheck | Ttotal | Status | Flags |
---|---|---|---|---|---|---|
r-devel-linux-x86_64-debian-clang | 1.1 | 4.55 | 54.33 | 58.88 | OK | |
r-devel-linux-x86_64-debian-gcc | 1.1 | 4.08 | 41.54 | 45.62 | OK | |
r-devel-linux-x86_64-fedora-clang | 1.1 | 73.52 | NOTE | |||
r-devel-linux-x86_64-fedora-gcc | 1.1 | 82.44 | NOTE | |||
r-devel-windows-x86_64 | 1.1 | 6.00 | 68.00 | 74.00 | OK | |
r-patched-linux-x86_64 | 1.1 | 3.06 | 53.30 | 56.36 | OK | |
r-release-linux-x86_64 | 1.1 | 3.41 | 52.77 | 56.18 | OK | |
r-release-macos-arm64 | 1.1 | 53.00 | OK | |||
r-release-macos-x86_64 | 1.1 | 79.00 | OK | |||
r-release-windows-x86_64 | 1.1 | 10.00 | 73.00 | 83.00 | OK | |
r-oldrel-macos-arm64 | 1.1 | 47.00 | OK | |||
r-oldrel-macos-x86_64 | 1.1 | 57.00 | OK | |||
r-oldrel-windows-x86_64 | 1.1 | 8.00 | 81.00 | 89.00 | OK |
Version: 1.1
Check: data for non-ASCII characters
Result: NOTE
Note: found 866 marked UTF-8 strings
Flavors: r-devel-linux-x86_64-fedora-clang, r-devel-linux-x86_64-fedora-gcc