Last updated on 2022-05-18 18:52:22 CEST.
Flavor | Version | Tinstall | Tcheck | Ttotal | Status | Flags |
---|---|---|---|---|---|---|
r-devel-linux-x86_64-debian-clang | 0.2.4 | 160.36 | 56.23 | 216.59 | OK | |
r-devel-linux-x86_64-debian-gcc | 0.2.4 | 131.61 | 45.61 | 177.22 | OK | |
r-devel-linux-x86_64-fedora-clang | 0.2.4 | 325.44 | NOTE | |||
r-devel-linux-x86_64-fedora-gcc | 0.2.4 | 289.70 | OK | |||
r-devel-windows-x86_64 | 0.2.4 | 122.00 | 120.00 | 242.00 | OK | |
r-patched-linux-x86_64 | 0.2.4 | 134.50 | 58.11 | 192.61 | OK | |
r-release-linux-x86_64 | 0.2.4 | 142.67 | 57.32 | 199.99 | OK | |
r-release-macos-arm64 | 0.2.4 | 75.00 | NOTE | |||
r-release-macos-x86_64 | 0.2.4 | 91.00 | NOTE | |||
r-release-windows-x86_64 | 0.2.4 | 108.00 | 109.00 | 217.00 | OK | |
r-oldrel-macos-arm64 | 0.2.4 | 68.00 | NOTE | |||
r-oldrel-macos-x86_64 | 0.2.4 | 87.00 | NOTE | |||
r-oldrel-windows-ix86+x86_64 | 0.2.4 | 353.00 | 121.00 | 474.00 | OK |
Version: 0.2.4
Check: installed package size
Result: NOTE
installed size is 15.7Mb
sub-directories of 1Mb or more:
libs 15.3Mb
Flavors: r-devel-linux-x86_64-fedora-clang, r-release-macos-arm64, r-release-macos-x86_64, r-oldrel-macos-arm64, r-oldrel-macos-x86_64