Last updated on 2024-08-31 23:49:05 CEST.
Flavor | Version | Tinstall | Tcheck | Ttotal | Status | Flags |
---|---|---|---|---|---|---|
r-devel-linux-x86_64-debian-clang | 1.1.5 | 14.80 | 64.24 | 79.04 | OK | |
r-devel-linux-x86_64-debian-gcc | 1.1.5 | 7.32 | 42.45 | 49.77 | OK | |
r-devel-linux-x86_64-fedora-clang | 1.1.5 | 125.67 | NOTE | |||
r-devel-linux-x86_64-fedora-gcc | 1.1.5 | 121.62 | OK | |||
r-devel-windows-x86_64 | 1.1.5 | 13.00 | 73.00 | 86.00 | OK | |
r-patched-linux-x86_64 | 1.1.5 | 13.70 | 60.97 | 74.67 | OK | |
r-release-linux-x86_64 | 1.1.5 | 14.03 | 61.12 | 75.15 | OK | |
r-release-macos-arm64 | 1.1.5 | 30.00 | OK | |||
r-release-macos-x86_64 | 1.1.5 | 59.00 | OK | |||
r-release-windows-x86_64 | 1.1.5 | 13.00 | 73.00 | 86.00 | OK | |
r-oldrel-macos-arm64 | 1.1.5 | 38.00 | OK | |||
r-oldrel-macos-x86_64 | 1.1.5 | 95.00 | OK | |||
r-oldrel-windows-x86_64 | 1.1.5 | 16.00 | 85.00 | 101.00 | OK |
Version: 1.1.5
Check: Rd cross-references
Result: NOTE
Undeclared package ‘glmmLasso’ in Rd xrefs
Flavor: r-devel-linux-x86_64-fedora-clang