CRAN Package Check Results for Package GMPro

Last updated on 2021-06-20 05:48:25 CEST.

Flavor Version Tinstall Tcheck Ttotal Status Flags
r-devel-linux-x86_64-debian-clang 0.1.0 3.91 62.18 66.09 NOTE
r-devel-linux-x86_64-debian-gcc 0.1.0 3.00 46.33 49.33 NOTE
r-devel-linux-x86_64-fedora-clang 0.1.0 85.04 NOTE
r-devel-linux-x86_64-fedora-gcc 0.1.0 74.78 NOTE
r-devel-windows-x86_64 0.1.0 6.00 60.00 66.00 NOTE
r-devel-windows-x86_64-gcc10-UCRT 0.1.0 NOTE
r-patched-linux-x86_64 0.1.0 3.82 58.20 62.02 NOTE
r-patched-solaris-x86 0.1.0 100.50 NOTE
r-release-linux-x86_64 0.1.0 3.83 58.33 62.16 NOTE
r-release-macos-arm64 0.1.0 NOTE
r-release-macos-x86_64 0.1.0 NOTE
r-release-windows-ix86+x86_64 0.1.0 9.00 80.00 89.00 NOTE
r-oldrel-macos-x86_64 0.1.0 OK
r-oldrel-windows-ix86+x86_64 0.1.0 6.00 84.00 90.00 OK

Check Details

Version: 0.1.0
Check: LazyData
Result: NOTE
     'LazyData' is specified without a 'data' directory
Flavors: r-devel-linux-x86_64-debian-clang, r-devel-linux-x86_64-debian-gcc, r-devel-linux-x86_64-fedora-clang, r-devel-linux-x86_64-fedora-gcc, r-devel-windows-x86_64, r-devel-windows-x86_64-gcc10-UCRT, r-patched-linux-x86_64, r-patched-solaris-x86, r-release-linux-x86_64, r-release-macos-arm64, r-release-macos-x86_64, r-release-windows-ix86+x86_64