CRAN Package Check Results for Package GMSE

Last updated on 2021-08-01 23:49:24 CEST.

Flavor Version Tinstall Tcheck Ttotal Status Flags
r-devel-linux-x86_64-debian-clang 0.6.0.4 13.84 85.12 98.96 OK
r-devel-linux-x86_64-debian-gcc 0.6.0.4 10.88 64.55 75.43 OK
r-devel-linux-x86_64-fedora-clang 0.6.0.4 129.77 OK
r-devel-linux-x86_64-fedora-gcc 0.6.0.4 119.96 OK
r-devel-windows-x86_64 0.6.0.4 18.00 95.00 113.00 OK
r-devel-windows-x86_64-gcc10-UCRT 0.6.0.4 OK
r-patched-linux-x86_64 0.6.0.4 OK
r-patched-solaris-x86 0.6.0.4 145.40 OK
r-release-linux-x86_64 0.6.0.4 12.33 82.87 95.20 OK
r-release-macos-arm64 0.6.0.4 OK
r-release-macos-x86_64 0.6.0.4 OK
r-release-windows-ix86+x86_64 0.6.0.4 36.00 113.00 149.00 OK
r-oldrel-macos-x86_64 0.6.0.4 OK
r-oldrel-windows-ix86+x86_64 0.6.0.4 28.00 113.00 141.00 ERROR

Check Details

Version: 0.6.0.4
Check: running tests for arch ‘i386’
Result: ERROR
     Running 'testthat.R' [2s]
    Running the tests in 'tests/testthat.R' failed.
    Complete output:
     > library("testthat")
     > library("GMSE")
     >
     > test_check("GMSE")
Flavor: r-oldrel-windows-ix86+x86_64