CRAN Package Check Results for Package GOFShiny

Last updated on 2024-07-20 17:58:14 CEST.

Flavor Version Tinstall Tcheck Ttotal Status Flags
r-devel-linux-x86_64-debian-clang 0.1.0 1.87 19.63 21.50 NOTE
r-devel-linux-x86_64-debian-gcc 0.1.0 1.64 15.47 17.11 NOTE
r-devel-linux-x86_64-fedora-clang 0.1.0 28.81 NOTE
r-devel-linux-x86_64-fedora-gcc 0.1.0 26.45 NOTE
r-devel-windows-x86_64 0.1.0 5.00 37.00 42.00 NOTE
r-patched-linux-x86_64 0.1.0 1.89 19.87 21.76 NOTE
r-release-linux-x86_64 0.1.0 1.61 19.59 21.20 NOTE
r-release-macos-arm64 0.1.0 14.00 NOTE
r-release-macos-x86_64 0.1.0 26.00 NOTE
r-release-windows-x86_64 0.1.0 3.00 37.00 40.00 NOTE
r-oldrel-macos-arm64 0.1.0 14.00 NOTE
r-oldrel-macos-x86_64 0.1.0 18.00 NOTE
r-oldrel-windows-x86_64 0.1.0 4.00 37.00 41.00 NOTE

Check Details

Version: 0.1.0
Check: LazyData
Result: NOTE 'LazyData' is specified without a 'data' directory Flavors: r-devel-linux-x86_64-debian-clang, r-devel-linux-x86_64-debian-gcc, r-devel-linux-x86_64-fedora-clang, r-devel-linux-x86_64-fedora-gcc, r-devel-windows-x86_64, r-patched-linux-x86_64, r-release-linux-x86_64, r-release-macos-arm64, r-release-macos-x86_64, r-release-windows-x86_64, r-oldrel-macos-arm64, r-oldrel-macos-x86_64, r-oldrel-windows-x86_64

Version: 0.1.0
Check: dependencies in R code
Result: NOTE Namespaces in Imports field not imported from: ‘rhandsontable’ ‘shiny’ ‘stats’ All declared Imports should be used. Flavors: r-devel-linux-x86_64-fedora-clang, r-devel-linux-x86_64-fedora-gcc