CRAN Package Check Results for Package GPArotation

Last updated on 2021-12-03 05:51:59 CET.

Flavor Version Tinstall Tcheck Ttotal Status Flags
r-devel-linux-x86_64-debian-clang 2014.11-1 2.31 41.90 44.21 NOTE
r-devel-linux-x86_64-debian-gcc 2014.11-1 2.36 31.85 34.21 NOTE
r-devel-linux-x86_64-fedora-clang 2014.11-1 65.45 NOTE
r-devel-linux-x86_64-fedora-gcc 2014.11-1 413.60 NOTE
r-devel-windows-x86_64-new-UL 2014.11-1 8.00 84.00 92.00 NOTE
r-devel-windows-x86_64-new-TK 2014.11-1 NOTE
r-devel-windows-x86_64-old 2014.11-1 5.00 49.00 54.00 NOTE
r-patched-linux-x86_64 2014.11-1 3.10 39.89 42.99 NOTE
r-patched-solaris-x86 2014.11-1 80.30 NOTE
r-release-linux-x86_64 2014.11-1 2.68 39.49 42.17 NOTE
r-release-macos-arm64 2014.11-1 NOTE
r-release-macos-x86_64 2014.11-1 NOTE
r-release-windows-ix86+x86_64 2014.11-1 6.00 61.00 67.00 NOTE
r-oldrel-macos-x86_64 2014.11-1 NOTE
r-oldrel-windows-ix86+x86_64 2014.11-1 5.00 59.00 64.00 NOTE

Check Details

Version: 2014.11-1
Check: R code for possible problems
Result: NOTE
    Random.Start: no visible global function definition for 'rnorm'
    Undefined global functions or variables:
     rnorm
    Consider adding
     importFrom("stats", "rnorm")
    to your NAMESPACE file.
Flavors: r-devel-linux-x86_64-debian-clang, r-devel-linux-x86_64-debian-gcc, r-devel-linux-x86_64-fedora-clang, r-devel-linux-x86_64-fedora-gcc, r-devel-windows-x86_64-new-UL, r-devel-windows-x86_64-new-TK, r-devel-windows-x86_64-old, r-patched-linux-x86_64, r-patched-solaris-x86, r-release-linux-x86_64, r-release-macos-arm64, r-release-macos-x86_64, r-release-windows-ix86+x86_64, r-oldrel-macos-x86_64, r-oldrel-windows-ix86+x86_64