Last updated on 2023-11-29 00:50:19 CET.
Flavor | Version | Tinstall | Tcheck | Ttotal | Status | Flags |
---|---|---|---|---|---|---|
r-devel-linux-x86_64-debian-clang | 0.1-6 | 62.74 | 266.51 | 329.25 | NOTE | |
r-devel-linux-x86_64-debian-gcc | 0.1-6 | 45.69 | 167.23 | 212.92 | NOTE | |
r-devel-linux-x86_64-fedora-clang | 0.1-6 | 418.24 | NOTE | |||
r-devel-linux-x86_64-fedora-gcc | 0.1-6 | 363.93 | NOTE | |||
r-devel-windows-x86_64 | 0.1-6 | 50.00 | 181.00 | 231.00 | NOTE | |
r-patched-linux-x86_64 | 0.1-6 | 64.00 | 216.31 | 280.31 | NOTE | |
r-release-linux-x86_64 | 0.1-6 | 39.83 | 214.86 | 254.69 | NOTE | |
r-release-macos-arm64 | 0.1-6 | 103.00 | NOTE | |||
r-release-macos-x86_64 | 0.1-6 | 172.00 | NOTE | |||
r-release-windows-x86_64 | 0.1-6 | 63.00 | 221.00 | 284.00 | NOTE | |
r-oldrel-macos-arm64 | 0.1-6 | 93.00 | OK | |||
r-oldrel-macos-x86_64 | 0.1-6 | 128.00 | OK | |||
r-oldrel-windows-x86_64 | 0.1-6 | 62.00 | 220.00 | 282.00 | NOTE |
Version: 0.1-6
Check: package dependencies
Result: NOTE
Package suggested but not available for checking: ‘gvcm.cat’
Flavors: r-devel-linux-x86_64-debian-clang, r-devel-linux-x86_64-debian-gcc, r-devel-linux-x86_64-fedora-clang, r-devel-linux-x86_64-fedora-gcc, r-devel-windows-x86_64, r-patched-linux-x86_64, r-release-linux-x86_64, r-release-macos-arm64, r-release-macos-x86_64, r-release-windows-x86_64, r-oldrel-windows-x86_64
Version: 0.1-6
Check: C++ specification
Result: NOTE
Specified C++11: please drop specification unless essential
Flavors: r-devel-linux-x86_64-debian-clang, r-devel-linux-x86_64-debian-gcc, r-devel-linux-x86_64-fedora-clang, r-devel-linux-x86_64-fedora-gcc, r-devel-windows-x86_64, r-patched-linux-x86_64, r-release-linux-x86_64, r-release-macos-arm64, r-release-macos-x86_64, r-release-windows-x86_64
Version: 0.1-6
Check: Rd cross-references
Result: NOTE
Unknown package ‘gvcm.cat’ in Rd xrefs
Flavors: r-devel-linux-x86_64-debian-clang, r-devel-linux-x86_64-debian-gcc, r-devel-linux-x86_64-fedora-clang, r-devel-linux-x86_64-fedora-gcc, r-devel-windows-x86_64, r-patched-linux-x86_64, r-release-linux-x86_64, r-release-macos-arm64, r-release-macos-x86_64, r-release-windows-x86_64, r-oldrel-windows-x86_64