CRAN Package Check Results for Package GPCMlasso

Last updated on 2020-11-27 17:49:15 CET.

Flavor Version Tinstall Tcheck Ttotal Status Flags
r-devel-linux-x86_64-debian-clang 0.1-4 57.50 186.86 244.36 OK
r-devel-linux-x86_64-debian-gcc 0.1-4 67.01 129.99 197.00 OK
r-devel-linux-x86_64-fedora-clang 0.1-4 317.33 NOTE
r-devel-linux-x86_64-fedora-gcc 0.1-4 283.82 OK
r-devel-windows-ix86+x86_64 0.1-4 130.00 278.00 408.00 OK
r-patched-linux-x86_64 0.1-4 82.56 166.05 248.61 OK
r-patched-solaris-x86 0.1-4 621.20 OK
r-release-linux-x86_64 0.1-4 77.38 165.66 243.04 OK
r-release-macos-x86_64 0.1-4 OK
r-release-windows-ix86+x86_64 0.1-4 139.00 231.00 370.00 OK
r-oldrel-macos-x86_64 0.1-4 OK
r-oldrel-windows-ix86+x86_64 0.1-4 98.00 253.00 351.00 OK

Check Details

Version: 0.1-4
Check: Rd cross-references
Result: NOTE
    Undeclared package ‘gvcm.cat’ in Rd xrefs
Flavor: r-devel-linux-x86_64-fedora-clang