CRAN Package Check Results for Package GPCMlasso

Last updated on 2022-11-27 11:55:49 CET.

Flavor Version Tinstall Tcheck Ttotal Status Flags
r-devel-linux-x86_64-debian-clang 0.1-6 65.62 253.92 319.54 NOTE
r-devel-linux-x86_64-debian-gcc 0.1-6 48.20 173.01 221.21 NOTE
r-devel-linux-x86_64-fedora-clang 0.1-6 403.23 NOTE
r-devel-linux-x86_64-fedora-gcc 0.1-6 374.22 NOTE
r-devel-windows-x86_64 0.1-6 69.00 241.00 310.00 OK
r-patched-linux-x86_64 0.1-6 61.82 227.61 289.43 NOTE
r-release-linux-x86_64 0.1-6 41.32 227.26 268.58 NOTE
r-release-macos-arm64 0.1-6 93.00 OK
r-release-macos-x86_64 0.1-6 128.00 OK
r-release-windows-x86_64 0.1-6 54.00 240.00 294.00 OK
r-oldrel-macos-arm64 0.1-6 96.00 OK
r-oldrel-macos-x86_64 0.1-6 132.00 OK
r-oldrel-windows-ix86+x86_64 0.1-6 143.00 345.00 488.00 OK

Check Details

Version: 0.1-6
Check: package dependencies
Result: NOTE
    Package suggested but not available for checking: 'gvcm.cat'
Flavors: r-devel-linux-x86_64-debian-clang, r-devel-linux-x86_64-debian-gcc, r-devel-linux-x86_64-fedora-clang, r-devel-linux-x86_64-fedora-gcc, r-patched-linux-x86_64, r-release-linux-x86_64

Version: 0.1-6
Check: Rd cross-references
Result: NOTE
    Unknown package 'gvcm.cat' in Rd xrefs
Flavors: r-devel-linux-x86_64-debian-clang, r-devel-linux-x86_64-debian-gcc, r-devel-linux-x86_64-fedora-clang, r-devel-linux-x86_64-fedora-gcc, r-patched-linux-x86_64, r-release-linux-x86_64