CRAN Package Check Results for Package GPLTR

Last updated on 2021-07-31 23:50:23 CEST.

Flavor Version Tinstall Tcheck Ttotal Status Flags
r-devel-linux-x86_64-debian-clang 1.2 3.53 265.88 269.41 NOTE
r-devel-linux-x86_64-debian-gcc 1.2 2.87 189.77 192.64 NOTE
r-devel-linux-x86_64-fedora-clang 1.2 312.77 NOTE
r-devel-linux-x86_64-fedora-gcc 1.2 309.66 NOTE
r-devel-windows-x86_64 1.2 5.00 321.00 326.00 NOTE
r-devel-windows-x86_64-gcc10-UCRT 1.2 NOTE
r-patched-linux-x86_64 1.2 NOTE
r-patched-solaris-x86 1.2 400.20 NOTE
r-release-linux-x86_64 1.2 3.07 252.35 255.42 NOTE
r-release-macos-arm64 1.2 NOTE
r-release-macos-x86_64 1.2 NOTE
r-release-windows-ix86+x86_64 1.2 7.00 218.00 225.00 NOTE
r-oldrel-macos-x86_64 1.2 NOTE
r-oldrel-windows-ix86+x86_64 1.2 7.00 284.00 291.00 NOTE

Check Details

Version: 1.2
Check: R code for possible problems
Result: NOTE
    .VARIMPPERM: no visible global function definition for 'predict'
    .logistic.eval: no visible global function definition for 'glm'
    .logistic.eval: no visible binding for global variable 'binomial'
    .logistic.split: no visible global function definition for 'glm'
    .logistic.split: no visible binding for global variable 'binomial'
    .logistic.split: no visible global function definition for 'runif'
    bagging.pltr : <anonymous>: no visible global function definition for
     'predict.glm'
    best.tree.BIC.AIC : <anonymous>: no visible global function definition
     for 'as.formula'
    best.tree.BIC.AIC : <anonymous>: no visible global function definition
     for 'glm'
    best.tree.BIC.AIC : <anonymous>: no visible global function definition
     for 'deviance'
    best.tree.BIC.AIC: no visible global function definition for 'glm'
    best.tree.BIC.AIC: no visible global function definition for
     'as.formula'
    best.tree.BIC.AIC: no visible global function definition for 'deviance'
    best.tree.CV: no visible global function definition for 'glm'
    best.tree.CV: no visible global function definition for 'as.formula'
    best.tree.CV: no visible global function definition for 'predict.glm'
    best.tree.CV : <anonymous>: no visible global function definition for
     'predict.glm'
    best.tree.bootstrap: no visible global function definition for 'glm'
    best.tree.bootstrap: no visible global function definition for
     'as.formula'
    best.tree.bootstrap : <anonymous>: no visible global function
     definition for 'rnorm'
    best.tree.permute: no visible global function definition for 'glm'
    best.tree.permute: no visible global function definition for
     'as.formula'
    nested.trees: no visible global function definition for 'glm'
    nested.trees: no visible global function definition for 'as.formula'
    nested.trees: no visible global function definition for 'deviance'
    p.val.tree: no visible global function definition for 'glm'
    p.val.tree: no visible global function definition for 'as.formula'
    p.val.tree : <anonymous>: no visible global function definition for
     'rnorm'
    p.val.tree: no visible binding for global variable 'var'
    p.val.tree: no visible global function definition for 'pchisq'
    pltr.glm: no visible global function definition for 'glm'
    pltr.glm: no visible global function definition for 'as.formula'
    predict_bagg.pltr : <anonymous>: no visible global function definition
     for 'predict.glm'
    predict_pltr: no visible global function definition for 'predict.glm'
    tree2glm: no visible global function definition for 'as.formula'
    tree2glm: no visible global function definition for 'glm'
    Undefined global functions or variables:
     as.formula binomial deviance glm pchisq predict predict.glm rnorm
     runif var
    Consider adding
     importFrom("stats", "as.formula", "binomial", "deviance", "glm",
     "pchisq", "predict", "predict.glm", "rnorm", "runif", "var")
    to your NAMESPACE file.
Flavors: r-devel-linux-x86_64-debian-clang, r-devel-linux-x86_64-debian-gcc, r-devel-linux-x86_64-fedora-clang, r-devel-linux-x86_64-fedora-gcc, r-devel-windows-x86_64, r-devel-windows-x86_64-gcc10-UCRT, r-patched-linux-x86_64, r-patched-solaris-x86, r-release-linux-x86_64, r-release-macos-arm64, r-release-macos-x86_64, r-release-windows-ix86+x86_64, r-oldrel-macos-x86_64, r-oldrel-windows-ix86+x86_64