CRAN Package Check Results for Package GPM

Last updated on 2019-03-18 23:51:08 CET.

Flavor Version Tinstall Tcheck Ttotal Status Flags
r-devel-linux-x86_64-debian-clang 3.0.0 36.41 30.77 67.18 OK
r-devel-linux-x86_64-debian-gcc 3.0.0 31.05 24.49 55.54 OK
r-devel-linux-x86_64-fedora-clang 3.0.0 98.20 OK
r-devel-linux-x86_64-fedora-gcc 3.0.0 93.72 OK
r-devel-windows-ix86+x86_64 3.0.0 104.00 81.00 185.00 OK
r-patched-linux-x86_64 3.0.0 40.31 29.37 69.68 OK
r-patched-solaris-x86 3.0.0 100.10 OK
r-release-linux-x86_64 3.0.0 37.21 29.25 66.46 OK
r-release-windows-ix86+x86_64 3.0.0 104.00 61.00 165.00 OK
r-release-osx-x86_64 3.0.0 OK
r-oldrel-windows-ix86+x86_64 2.0.0 78.00 56.00 134.00 ERROR
r-oldrel-osx-x86_64 3.0.0 ERROR

Check Details

Version: 2.0.0
Check: R code for possible problems
Result: NOTE
    Predict: possible error in diag(Nug_opt, m, m, names = FALSE): unused
     argument (names = FALSE)
Flavor: r-oldrel-windows-ix86+x86_64

Version: 2.0.0
Check: running examples for arch ‘i386’
Result: ERROR
    Running examples in 'GPM-Ex.R' failed
    The error most likely occurred in:
    
    > ### Name: Fit
    > ### Title: The Fitting Function of 'GPM' Package
    > ### Aliases: Fit
    >
    > ### ** Examples
    >
    > # 1D example: Fit a model (with default settings) and evaluate the performance
    > # by computing the root mean squared error (RMSE) in prediction.
    > library(lhs)
    > library(Rcpp)
    > library(RcppArmadillo)
    > X <- 5*maximinLHS(9, 1)
    > Y <- 2*sin(2*X) + log(X+1)
    > M <- Fit(X, Y)
    > XF <- matrix(seq(0, 5, length.out = 100), 100, 1)
    > YF <- Predict(XF, M)
    > RMSE <- sqrt(mean((YF$YF - (2*sin(2*XF) + log(XF+1)))^2))
    >
    > # 1D example: Fit a model, evaluate the performance, and plot the response
    > # along with 95% prediction interval
    > X <- 10*maximinLHS(18, 1) - 5
    > Y <- X*cos(X)
    > M <- Fit(X, Y)
    > XF <- matrix(seq(-5, 5, length.out = 50), 50, 1)
    > YF <- Predict(XF, M)
    > RMSE <- sqrt(mean((YF$YF - (XF*cos(XF)))^2))
    > Draw(M, 1, res = 15)
    Error in diag(Nug_opt, m, m, names = FALSE) :
     unused argument (names = FALSE)
    Calls: Draw -> Predict
    Execution halted
Flavor: r-oldrel-windows-ix86+x86_64

Version: 2.0.0
Check: running examples for arch ‘x64’
Result: ERROR
    Running examples in 'GPM-Ex.R' failed
    The error most likely occurred in:
    
    > ### Name: Fit
    > ### Title: The Fitting Function of 'GPM' Package
    > ### Aliases: Fit
    >
    > ### ** Examples
    >
    > # 1D example: Fit a model (with default settings) and evaluate the performance
    > # by computing the root mean squared error (RMSE) in prediction.
    > library(lhs)
    > library(Rcpp)
    > library(RcppArmadillo)
    > X <- 5*maximinLHS(9, 1)
    > Y <- 2*sin(2*X) + log(X+1)
    > M <- Fit(X, Y)
    > XF <- matrix(seq(0, 5, length.out = 100), 100, 1)
    > YF <- Predict(XF, M)
    > RMSE <- sqrt(mean((YF$YF - (2*sin(2*XF) + log(XF+1)))^2))
    >
    > # 1D example: Fit a model, evaluate the performance, and plot the response
    > # along with 95% prediction interval
    > X <- 10*maximinLHS(18, 1) - 5
    > Y <- X*cos(X)
    > M <- Fit(X, Y)
    > XF <- matrix(seq(-5, 5, length.out = 50), 50, 1)
    > YF <- Predict(XF, M)
    > RMSE <- sqrt(mean((YF$YF - (XF*cos(XF)))^2))
    > Draw(M, 1, res = 15)
    Error in diag(Nug_opt, m, m, names = FALSE) :
     unused argument (names = FALSE)
    Calls: Draw -> Predict
    Execution halted
Flavor: r-oldrel-windows-ix86+x86_64

Version: 3.0.0
Check: package dependencies
Result: ERROR
    Packages required and available but unsuitable versions: ‘stats’ ‘parallel’
    
    See section ‘The DESCRIPTION file’ in the ‘Writing R Extensions’
    manual.
Flavor: r-oldrel-osx-x86_64