CRAN Package Check Results for Package GRANBase

Last updated on 2022-10-07 17:52:02 CEST.

Flavor Version Tinstall Tcheck Ttotal Status Flags
r-devel-linux-x86_64-debian-clang 2.6.20 12.45 97.41 109.86 NOTE
r-devel-linux-x86_64-debian-gcc 2.6.20 8.40 72.62 81.02 NOTE
r-devel-linux-x86_64-fedora-clang 2.6.20 148.88 NOTE
r-devel-linux-x86_64-fedora-gcc 2.6.20 132.57 NOTE
r-devel-windows-x86_64 2.6.20 72.00 127.00 199.00 NOTE
r-patched-linux-x86_64 2.6.20 14.59 228.64 243.23 OK
r-release-linux-x86_64 2.6.20 12.03 224.58 236.61 OK
r-release-macos-arm64 2.6.20 139.00 OK
r-release-macos-x86_64 2.6.20 227.00 OK
r-release-windows-x86_64 2.6.20 65.00 218.00 283.00 OK
r-oldrel-macos-arm64 2.6.20 165.00 NOTE
r-oldrel-macos-x86_64 2.6.20 208.00 OK
r-oldrel-windows-ix86+x86_64 2.6.20 26.00 265.00 291.00 OK

Check Details

Version: 2.6.20
Check: package subdirectories
Result: NOTE
    Problems with news in 'NEWS.md':
    No news entries found.
Flavors: r-devel-linux-x86_64-debian-clang, r-devel-linux-x86_64-debian-gcc, r-devel-linux-x86_64-fedora-clang, r-devel-linux-x86_64-fedora-gcc, r-devel-windows-x86_64

Version: 2.6.20
Check: package dependencies
Result: NOTE
    Package suggested but not available for checking: ‘hexSticker’
Flavor: r-oldrel-macos-arm64