Last updated on 2023-09-28 05:56:49 CEST.
Flavor | Version | Tinstall | Tcheck | Ttotal | Status | Flags |
---|---|---|---|---|---|---|
r-devel-linux-x86_64-debian-clang | 3.1.1 | 51.42 | 409.41 | 460.83 | NOTE | |
r-devel-linux-x86_64-debian-gcc | 3.1.1 | 40.17 | 288.89 | 329.06 | NOTE | |
r-devel-linux-x86_64-fedora-clang | 3.1.1 | 538.49 | NOTE | |||
r-devel-linux-x86_64-fedora-gcc | 3.1.1 | 541.71 | NOTE | |||
r-devel-windows-x86_64 | 3.1.1 | 39.00 | 235.00 | 274.00 | NOTE | |
r-patched-linux-x86_64 | 3.1.1 | 35.87 | 385.45 | 421.32 | NOTE | |
r-release-linux-x86_64 | 3.1.1 | 35.25 | 388.72 | 423.97 | NOTE | |
r-release-macos-arm64 | 3.1.1 | 128.00 | NOTE | |||
r-release-macos-x86_64 | 3.1.1 | 234.00 | NOTE | |||
r-release-windows-x86_64 | 3.1.1 | 53.00 | 321.00 | 374.00 | NOTE | |
r-oldrel-macos-arm64 | 3.1.1 | 93.00 | OK | |||
r-oldrel-macos-x86_64 | 3.1.1 | 216.00 | OK | |||
r-oldrel-windows-x86_64 | 3.1.1 | 55.00 | 304.00 | 359.00 | OK |
Version: 3.1.1
Check: package subdirectories
Result: NOTE
Problems with news in ‘NEWS.md’:
No news entries found.
Flavors: r-devel-linux-x86_64-debian-clang, r-devel-linux-x86_64-debian-gcc, r-devel-linux-x86_64-fedora-clang, r-devel-linux-x86_64-fedora-gcc, r-devel-windows-x86_64, r-patched-linux-x86_64, r-release-linux-x86_64, r-release-macos-arm64, r-release-macos-x86_64, r-release-windows-x86_64
Version: 3.1.1
Check: package dependencies
Result: NOTE
Imports includes 21 non-default packages.
Importing from so many packages makes the package vulnerable to any of
them becoming unavailable. Move as many as possible to Suggests and
use conditionally.
Flavor: r-devel-linux-x86_64-fedora-clang