CRAN Package Check Results for Package GWSDAT

Last updated on 2022-11-26 10:58:00 CET.

Flavor Version Tinstall Tcheck Ttotal Status Flags
r-devel-linux-x86_64-debian-clang 3.1.1 46.62 390.19 436.81 NOTE
r-devel-linux-x86_64-debian-gcc 3.1.1 40.59 286.13 326.72 NOTE
r-devel-linux-x86_64-fedora-clang 3.1.1 579.89 NOTE
r-devel-windows-x86_64 3.1.1 71.00 359.00 430.00 NOTE
r-patched-linux-x86_64 3.1.1 OK
r-release-linux-x86_64 3.1.1 49.68 382.38 432.06 OK
r-release-macos-arm64 3.1.1 93.00 OK
r-release-macos-x86_64 3.1.1 216.00 OK
r-release-windows-x86_64 3.1.1 58.00 356.00 414.00 OK
r-oldrel-macos-arm64 3.1.1 91.00 OK
r-oldrel-macos-x86_64 3.1.1 140.00 OK
r-oldrel-windows-ix86+x86_64 3.1.1 99.00 361.00 460.00 OK

Check Details

Version: 3.1.1
Check: package subdirectories
Result: NOTE
    Problems with news in 'NEWS.md':
    No news entries found.
Flavors: r-devel-linux-x86_64-debian-clang, r-devel-linux-x86_64-debian-gcc, r-devel-linux-x86_64-fedora-clang, r-devel-windows-x86_64

Version: 3.1.1
Check: package dependencies
Result: NOTE
    Imports includes 21 non-default packages.
    Importing from so many packages makes the package vulnerable to any of
    them becoming unavailable. Move as many as possible to Suggests and
    use conditionally.
Flavor: r-devel-linux-x86_64-fedora-clang