Last updated on 2024-08-16 11:49:42 CEST.
Flavor | Version | Tinstall | Tcheck | Ttotal | Status | Flags |
---|---|---|---|---|---|---|
r-devel-linux-x86_64-debian-clang | 3.2.1 | 44.64 | 295.75 | 340.39 | OK | |
r-devel-linux-x86_64-debian-gcc | 3.2.1 | 27.83 | 192.44 | 220.27 | OK | |
r-devel-linux-x86_64-fedora-clang | 3.2.1 | 561.94 | NOTE | |||
r-devel-linux-x86_64-fedora-gcc | 3.2.1 | 512.20 | OK | |||
r-devel-windows-x86_64 | 3.2.1 | 38.00 | 221.00 | 259.00 | OK | |
r-patched-linux-x86_64 | 3.2.1 | 40.62 | 280.05 | 320.67 | OK | |
r-release-linux-x86_64 | 3.2.1 | 38.11 | 279.53 | 317.64 | OK | |
r-release-macos-arm64 | 3.2.1 | 112.00 | OK | |||
r-release-macos-x86_64 | 3.2.1 | 199.00 | OK | |||
r-release-windows-x86_64 | 3.2.1 | 37.00 | 220.00 | 257.00 | OK | |
r-oldrel-macos-arm64 | 3.2.1 | 119.00 | OK | |||
r-oldrel-macos-x86_64 | 3.2.1 | 284.00 | OK | |||
r-oldrel-windows-x86_64 | 3.2.1 | 53.00 | 310.00 | 363.00 | OK |
Version: 3.2.1
Check: package dependencies
Result: NOTE
Imports includes 21 non-default packages.
Importing from so many packages makes the package vulnerable to any of
them becoming unavailable. Move as many as possible to Suggests and
use conditionally.
Flavor: r-devel-linux-x86_64-fedora-clang