CRAN Package Check Results for Package GWnnegPCA

Last updated on 2024-07-23 00:54:29 CEST.

Flavor Version Tinstall Tcheck Ttotal Status Flags
r-devel-linux-x86_64-debian-clang 0.0.4 2.89 40.60 43.49 NOTE
r-devel-linux-x86_64-debian-gcc 0.0.4 2.73 30.51 33.24 NOTE
r-devel-linux-x86_64-fedora-clang 0.0.4 53.82 NOTE
r-devel-linux-x86_64-fedora-gcc 0.0.4 51.59 NOTE
r-devel-windows-x86_64 0.0.4 4.00 55.00 59.00 NOTE
r-patched-linux-x86_64 0.0.4 2.75 39.01 41.76 NOTE
r-release-linux-x86_64 0.0.4 3.35 39.24 42.59 NOTE
r-release-macos-arm64 0.0.4 21.00 NOTE
r-release-macos-x86_64 0.0.4 30.00 NOTE
r-release-windows-x86_64 0.0.4 4.00 56.00 60.00 NOTE
r-oldrel-macos-arm64 0.0.4 22.00 NOTE
r-oldrel-macos-x86_64 0.0.4 30.00 NOTE
r-oldrel-windows-x86_64 0.0.4 5.00 60.00 65.00 NOTE

Check Details

Version: 0.0.4
Check: LazyData
Result: NOTE 'LazyData' is specified without a 'data' directory Flavors: r-devel-linux-x86_64-debian-clang, r-devel-linux-x86_64-debian-gcc, r-devel-linux-x86_64-fedora-clang, r-devel-linux-x86_64-fedora-gcc, r-devel-windows-x86_64, r-patched-linux-x86_64, r-release-linux-x86_64, r-release-macos-arm64, r-release-macos-x86_64, r-release-windows-x86_64, r-oldrel-macos-arm64, r-oldrel-macos-x86_64, r-oldrel-windows-x86_64

Version: 0.0.4
Check: dependencies in R code
Result: NOTE Namespace in Imports field not imported from: ‘sf’ All declared Imports should be used. Flavors: r-devel-linux-x86_64-fedora-clang, r-devel-linux-x86_64-fedora-gcc