CRAN Package Check Results for Package GenBinomApps

Last updated on 2021-08-05 23:50:15 CEST.

Flavor Version Tinstall Tcheck Ttotal Status Flags
r-devel-linux-x86_64-debian-clang 1.1 2.19 25.25 27.44 OK
r-devel-linux-x86_64-debian-gcc 1.1 1.58 19.08 20.66 OK
r-devel-linux-x86_64-fedora-clang 1.1 41.77 NOTE
r-devel-linux-x86_64-fedora-gcc 1.1 30.61 OK
r-devel-windows-x86_64 1.1 4.00 40.00 44.00 OK
r-devel-windows-x86_64-gcc10-UCRT 1.1 OK
r-patched-linux-x86_64 1.1 2.02 23.85 25.87 OK
r-patched-solaris-x86 1.1 50.70 OK
r-release-linux-x86_64 1.1 1.80 23.91 25.71 OK
r-release-macos-arm64 1.1 OK
r-release-macos-x86_64 1.1 OK
r-release-windows-ix86+x86_64 1.1 4.00 30.00 34.00 OK
r-oldrel-macos-x86_64 1.1 OK
r-oldrel-windows-ix86+x86_64 1.1 5.00 38.00 43.00 OK

Check Details

Version: 1.1
Check: Rd cross-references
Result: NOTE
    Undeclared package ‘poibin’ in Rd xrefs
Flavor: r-devel-linux-x86_64-fedora-clang