Last updated on 2024-08-31 23:49:04 CEST.
Flavor | Version | Tinstall | Tcheck | Ttotal | Status | Flags |
---|---|---|---|---|---|---|
r-devel-linux-x86_64-debian-clang | 1.2.1 | 1.61 | 21.15 | 22.76 | OK | |
r-devel-linux-x86_64-debian-gcc | 1.2.1 | 1.39 | 16.86 | 18.25 | OK | |
r-devel-linux-x86_64-fedora-clang | 1.2.1 | 38.98 | NOTE | |||
r-devel-linux-x86_64-fedora-gcc | 1.2.1 | 37.23 | OK | |||
r-devel-windows-x86_64 | 1.2.1 | 2.00 | 47.00 | 49.00 | OK | |
r-patched-linux-x86_64 | 1.2.1 | 1.78 | 20.60 | 22.38 | OK | |
r-release-linux-x86_64 | 1.2.1 | 1.63 | 20.23 | 21.86 | OK | |
r-release-macos-arm64 | 1.2.1 | 16.00 | OK | |||
r-release-macos-x86_64 | 1.2.1 | 22.00 | OK | |||
r-release-windows-x86_64 | 1.2.1 | 3.00 | 48.00 | 51.00 | OK | |
r-oldrel-macos-arm64 | 1.2.1 | 35.00 | OK | |||
r-oldrel-macos-x86_64 | 1.2.1 | 53.00 | OK | |||
r-oldrel-windows-x86_64 | 1.2.1 | 5.00 | 52.00 | 57.00 | OK |
Version: 1.2.1
Check: Rd cross-references
Result: NOTE
Undeclared package ‘poibin’ in Rd xrefs
Flavor: r-devel-linux-x86_64-fedora-clang