CRAN Package Check Results for Package GeneNet

Last updated on 2019-03-20 17:49:45 CET.

Flavor Version Tinstall Tcheck Ttotal Status Flags
r-devel-linux-x86_64-debian-clang 1.2.13 2.32 23.39 25.71 OK
r-devel-linux-x86_64-debian-gcc 1.2.13 1.73 18.90 20.63 OK
r-devel-linux-x86_64-fedora-clang 1.2.13 30.80 OK
r-devel-linux-x86_64-fedora-gcc 1.2.13 29.90 OK
r-devel-windows-ix86+x86_64 1.2.13 7.00 50.00 57.00 OK
r-patched-linux-x86_64 1.2.13 1.55 21.40 22.95 OK
r-patched-solaris-x86 1.2.13 41.20 OK
r-release-linux-x86_64 1.2.13 1.52 21.27 22.79 OK
r-release-windows-ix86+x86_64 1.2.13 2.00 31.00 33.00 OK
r-release-osx-x86_64 1.2.13 OK
r-oldrel-windows-ix86+x86_64 1.2.13 2.00 34.00 36.00 OK
r-oldrel-osx-x86_64 1.2.13 NOTE

Check Details

Version: 1.2.13
Check: package dependencies
Result: NOTE
    Packages suggested but not available for checking: ‘graph’ ‘Rgraphviz’
Flavor: r-oldrel-osx-x86_64