CRAN Package Check Results for Package GeneNet

Last updated on 2019-05-20 22:53:35 CEST.

Flavor Version Tinstall Tcheck Ttotal Status Flags
r-devel-linux-x86_64-debian-clang 1.2.13 2.05 23.09 25.14 OK
r-devel-linux-x86_64-debian-gcc 1.2.13 1.70 18.93 20.63 OK
r-devel-linux-x86_64-fedora-clang 1.2.13 30.78 OK
r-devel-linux-x86_64-fedora-gcc 1.2.13 29.53 OK
r-devel-windows-ix86+x86_64 1.2.13 13.00 46.00 59.00 OK
r-patched-linux-x86_64 1.2.13 2.37 23.16 25.53 OK
r-patched-solaris-x86 1.2.13 46.60 OK
r-release-linux-x86_64 1.2.13 2.24 23.49 25.73 OK
r-release-windows-ix86+x86_64 1.2.13 6.00 48.00 54.00 OK
r-release-osx-x86_64 1.2.13 NOTE
r-oldrel-windows-ix86+x86_64 1.2.13 2.00 31.00 33.00 OK
r-oldrel-osx-x86_64 1.2.13 OK

Check Details

Version: 1.2.13
Check: package dependencies
Result: NOTE
    Packages suggested but not available for checking: 'graph', 'Rgraphviz'
Flavor: r-release-osx-x86_64