Last updated on 2024-08-16 11:49:41 CEST.
Flavor | Version | Tinstall | Tcheck | Ttotal | Status | Flags |
---|---|---|---|---|---|---|
r-devel-linux-x86_64-debian-clang | 0.8-6 | 9.38 | 75.95 | 85.33 | NOTE | |
r-devel-linux-x86_64-debian-gcc | 0.8-6 | 5.53 | 51.07 | 56.60 | NOTE | |
r-devel-linux-x86_64-fedora-clang | 0.8-6 | 143.25 | OK | |||
r-devel-linux-x86_64-fedora-gcc | 0.8-6 | 131.35 | OK | |||
r-devel-windows-x86_64 | 0.8-6 | 11.00 | 101.00 | 112.00 | NOTE | |
r-patched-linux-x86_64 | 0.8-6 | 12.52 | 71.14 | 83.66 | OK | |
r-release-linux-x86_64 | 0.8-6 | 8.33 | 71.40 | 79.73 | OK | |
r-release-macos-arm64 | 0.8-6 | 37.00 | OK | |||
r-release-macos-x86_64 | 0.8-6 | 57.00 | OK | |||
r-release-windows-x86_64 | 0.8-6 | 12.00 | 99.00 | 111.00 | OK | |
r-oldrel-macos-arm64 | 0.8-6 | 42.00 | OK | |||
r-oldrel-macos-x86_64 | 0.8-6 | 109.00 | OK | |||
r-oldrel-windows-x86_64 | 0.8-6 | 13.00 | 116.00 | 129.00 | OK |
Version: 0.8-6
Check: Rd cross-references
Result: NOTE
Found the following Rd file(s) with Rd \link{} targets missing package
anchors:
summary.hyperblm.Rd: tsHessian
Please provide package anchors for all Rd \link{} targets not in the
package itself and the base packages.
Flavors: r-devel-linux-x86_64-debian-clang, r-devel-linux-x86_64-debian-gcc, r-devel-windows-x86_64