CRAN Package Check Results for Package GenomicTools

Last updated on 2019-05-20 12:03:59 CEST.

Flavor Version Tinstall Tcheck Ttotal Status Flags
r-devel-linux-x86_64-debian-clang 0.2.8 37.56 100.75 138.31 OK
r-devel-linux-x86_64-debian-gcc 0.2.8 30.95 79.64 110.59 OK
r-devel-linux-x86_64-fedora-clang 0.2.8 185.32 OK
r-devel-linux-x86_64-fedora-gcc 0.2.8 170.88 OK
r-devel-windows-ix86+x86_64 0.2.8 100.00 198.00 298.00 OK
r-patched-linux-x86_64 0.2.8 35.68 99.69 135.37 OK
r-patched-solaris-x86 0.2.8 234.20 OK
r-release-linux-x86_64 0.2.8 38.46 100.18 138.64 OK
r-release-windows-ix86+x86_64 0.2.8 99.00 217.00 316.00 OK
r-release-osx-x86_64 0.2.8 ERROR
r-oldrel-windows-ix86+x86_64 0.2.8 64.00 131.00 195.00 OK
r-oldrel-osx-x86_64 0.2.8 OK

Check Details

Version: 0.2.8
Check: package dependencies
Result: ERROR
    Packages required but not available: 'GenomicTools.fileHandler', 'snpStats'
    
    See section ‘The DESCRIPTION file’ in the ‘Writing R Extensions’
    manual.
Flavor: r-release-osx-x86_64