Last updated on 2024-03-28 11:53:27 CET.
Flavor | Version | Tinstall | Tcheck | Ttotal | Status | Flags |
---|---|---|---|---|---|---|
r-devel-linux-x86_64-debian-clang | 1.0.1 | 9.72 | 72.28 | 82.00 | NOTE | |
r-devel-linux-x86_64-debian-gcc | 1.0.1 | 6.44 | 54.52 | 60.96 | NOTE | |
r-devel-linux-x86_64-fedora-clang | 1.0.1 | 101.15 | NOTE | |||
r-devel-linux-x86_64-fedora-gcc | 1.0.1 | 96.16 | NOTE | |||
r-devel-windows-x86_64 | 1.0.1 | 7.00 | 76.00 | 83.00 | OK | |
r-patched-linux-x86_64 | 1.0.1 | 11.72 | 70.91 | 82.63 | NOTE | |
r-release-linux-x86_64 | 1.0.1 | 5.30 | 69.70 | 75.00 | NOTE | |
r-release-macos-arm64 | 1.0.1 | 37.00 | OK | |||
r-release-macos-x86_64 | 1.0.1 | 58.00 | OK | |||
r-release-windows-x86_64 | 1.0.1 | 10.00 | 88.00 | 98.00 | OK | |
r-oldrel-macos-arm64 | 1.0.1 | 36.00 | OK | |||
r-oldrel-windows-x86_64 | 1.0.1 | 10.00 | 95.00 | 105.00 | OK |
Version: 1.0.1
Check: for non-standard things in the check directory
Result: NOTE
Found the following files/directories:
‘Pictures_analyzed’ ‘cutoff_vals’ ‘cutoff_vals1’ ‘gina_cran.JPG’
Flavors: r-devel-linux-x86_64-debian-clang, r-devel-linux-x86_64-debian-gcc, r-devel-linux-x86_64-fedora-clang, r-devel-linux-x86_64-fedora-gcc, r-patched-linux-x86_64, r-release-linux-x86_64