CRAN Package Check Results for Package GpGp

Last updated on 2019-10-18 05:46:55 CEST.

Flavor Version Tinstall Tcheck Ttotal Status Flags
r-devel-linux-x86_64-debian-clang 0.2.1 55.39 47.34 102.73 OK
r-devel-linux-x86_64-debian-gcc 0.2.1 42.85 35.98 78.83 OK
r-devel-linux-x86_64-fedora-clang 0.2.1 150.90 NOTE
r-devel-linux-x86_64-fedora-gcc 0.2.1 137.50 OK
r-devel-windows-ix86+x86_64 0.2.1 125.00 130.00 255.00 OK
r-patched-linux-x86_64 0.2.1 43.79 47.06 90.85 OK
r-patched-solaris-x86 0.2.1 144.70 OK
r-release-linux-x86_64 0.2.1 47.58 47.28 94.86 OK
r-release-windows-ix86+x86_64 0.2.1 95.00 93.00 188.00 OK
r-release-osx-x86_64 0.2.1 NOTE
r-oldrel-windows-ix86+x86_64 0.2.1 86.00 96.00 182.00 OK
r-oldrel-osx-x86_64 0.2.1 NOTE

Check Details

Version: 0.2.1
Check: installed package size
Result: NOTE
     installed size is 6.8Mb
     sub-directories of 1Mb or more:
     data 1.4Mb
     libs 5.0Mb
Flavors: r-devel-linux-x86_64-fedora-clang, r-release-osx-x86_64, r-oldrel-osx-x86_64