Last updated on 2023-10-03 18:05:03 CEST.
Flavor | Version | Tinstall | Tcheck | Ttotal | Status | Flags |
---|---|---|---|---|---|---|
r-devel-linux-x86_64-debian-clang | 1.1 | 7.91 | 113.15 | 121.06 | NOTE | |
r-devel-linux-x86_64-debian-gcc | 1.1 | 6.77 | 83.27 | 90.04 | NOTE | |
r-devel-linux-x86_64-fedora-clang | 1.1 | 144.66 | NOTE | |||
r-devel-linux-x86_64-fedora-gcc | 1.1 | 155.79 | NOTE | |||
r-devel-windows-x86_64 | 1.1 | 12.00 | 95.00 | 107.00 | NOTE | |
r-patched-linux-x86_64 | 1.1 | 6.77 | 107.14 | 113.91 | OK | |
r-release-linux-x86_64 | 1.1 | 8.26 | 105.42 | 113.68 | OK | |
r-release-macos-arm64 | 1.1 | 47.00 | OK | |||
r-release-macos-x86_64 | 1.1 | 76.00 | OK | |||
r-release-windows-x86_64 | 1.1 | 15.00 | 115.00 | 130.00 | OK | |
r-oldrel-macos-arm64 | 1.1 | 30.00 | OK | |||
r-oldrel-macos-x86_64 | 1.1 | 52.00 | OK | |||
r-oldrel-windows-x86_64 | 1.1 | 15.00 | 110.00 | 125.00 | OK |
Version: 1.1
Check: Rd contents
Result: NOTE
Argument items with no description in Rd object 'HistPCA':
‘ggplot’
Flavors: r-devel-linux-x86_64-debian-clang, r-devel-linux-x86_64-debian-gcc, r-devel-linux-x86_64-fedora-clang, r-devel-linux-x86_64-fedora-gcc, r-devel-windows-x86_64