Last updated on 2024-04-23 23:56:02 CEST.
Flavor | Version | Tinstall | Tcheck | Ttotal | Status | Flags |
---|---|---|---|---|---|---|
r-devel-linux-x86_64-debian-clang | 0.0.5 | 35.70 | 260.82 | 296.52 | OK | |
r-devel-linux-x86_64-debian-gcc | 0.0.5 | 24.23 | 191.04 | 215.27 | OK | |
r-devel-linux-x86_64-fedora-clang | 0.0.5 | 373.92 | OK | |||
r-devel-linux-x86_64-fedora-gcc | 0.0.5 | 359.81 | OK | |||
r-prerel-macos-arm64 | 0.0.5 | 96.00 | OK | |||
r-prerel-macos-x86_64 | 0.0.5 | 181.00 | OK | |||
r-prerel-windows-x86_64 | 0.0.5 | 27.00 | 176.00 | 203.00 | OK | |
r-patched-linux-x86_64 | 0.0.5 | 19.60 | 244.30 | 263.90 | OK | |
r-release-linux-x86_64 | 0.0.5 | 25.65 | 249.42 | 275.07 | OK | |
r-release-macos-arm64 | 0.0.5 | 5.00 | ERROR | |||
r-release-macos-x86_64 | 0.0.5 | 164.00 | OK | |||
r-release-windows-x86_64 | 0.0.5 | 37.00 | 230.00 | 267.00 | OK | |
r-oldrel-macos-arm64 | 0.0.5 | 89.00 | OK | |||
r-oldrel-windows-x86_64 | 0.0.5 | 32.00 | 218.00 | 250.00 | OK |
Version: 0.0.5
Check: package dependencies
Result: ERROR
Package required but not available: ‘DOSE’
See section ‘The DESCRIPTION file’ in the ‘Writing R Extensions’
manual.
Flavor: r-release-macos-arm64