CRAN Package Check Results for Package GsymPoint

Last updated on 2023-05-30 17:56:38 CEST.

Flavor Version Tinstall Tcheck Ttotal Status Flags
r-devel-linux-x86_64-debian-clang 1.1.1 6.92 42.57 49.49 NOTE
r-devel-linux-x86_64-debian-gcc 1.1.1 5.10 33.46 38.56 NOTE
r-devel-linux-x86_64-fedora-clang 1.1.1 61.71 NOTE
r-devel-linux-x86_64-fedora-gcc 1.1.1 62.91 NOTE
r-devel-windows-x86_64 1.1.1 5.00 55.00 60.00 NOTE
r-patched-linux-x86_64 1.1.1 5.35 40.96 46.31 NOTE
r-release-linux-x86_64 1.1.1 5.78 42.17 47.95 NOTE
r-release-macos-arm64 1.1.1 23.00 NOTE
r-release-macos-x86_64 1.1.1 33.00 NOTE
r-release-windows-x86_64 1.1.1 7.00 58.00 65.00 NOTE
r-oldrel-macos-arm64 1.1.1 25.00 OK
r-oldrel-macos-x86_64 1.1.1 30.00 OK
r-oldrel-windows-x86_64 1.1.1 7.00 60.00 67.00 OK

Check Details

Version: 1.1.1
Check: Rd files
Result: NOTE
    checkRd: (-1) gsym.point.Rd:143: Escaped LaTeX specials: \&
Flavors: r-devel-linux-x86_64-debian-clang, r-devel-linux-x86_64-debian-gcc, r-devel-linux-x86_64-fedora-clang, r-devel-linux-x86_64-fedora-gcc, r-devel-windows-x86_64, r-patched-linux-x86_64, r-release-linux-x86_64, r-release-macos-arm64, r-release-macos-x86_64, r-release-windows-x86_64