CRAN Package Check Results for Package HACSim

Last updated on 2025-01-17 11:49:50 CET.

Flavor Version Tinstall Tcheck Ttotal Status Flags
r-devel-linux-x86_64-debian-clang 1.0.6-1 22.76 45.12 67.88 NOTE
r-devel-linux-x86_64-debian-gcc 1.0.6-1 15.79 33.72 49.51 NOTE
r-devel-linux-x86_64-fedora-clang 1.0.6-1 119.57 NOTE
r-devel-linux-x86_64-fedora-gcc 1.0.6-1 111.04 NOTE
r-devel-windows-x86_64 1.0.6-1 25.00 93.00 118.00 NOTE
r-patched-linux-x86_64 1.0.6-1 20.65 42.79 63.44 NOTE
r-release-linux-x86_64 1.0.6-1 21.06 42.40 63.46 NOTE
r-release-macos-arm64 1.0.6-1 41.00 NOTE
r-release-macos-x86_64 1.0.6-1 51.00 NOTE
r-release-windows-x86_64 1.0.6-1 26.00 90.00 116.00 NOTE
r-oldrel-macos-arm64 1.0.6-1 40.00 NOTE
r-oldrel-macos-x86_64 1.0.6-1 60.00 NOTE
r-oldrel-windows-x86_64 1.0.6-1 28.00 100.00 128.00 NOTE

Check Details

Version: 1.0.6-1
Check: C++ specification
Result: NOTE Specified C++11: please drop specification unless essential Flavors: r-devel-linux-x86_64-debian-clang, r-devel-linux-x86_64-debian-gcc, r-devel-linux-x86_64-fedora-clang, r-devel-linux-x86_64-fedora-gcc, r-devel-windows-x86_64, r-patched-linux-x86_64, r-release-linux-x86_64, r-release-macos-arm64, r-release-macos-x86_64, r-release-windows-x86_64, r-oldrel-macos-arm64, r-oldrel-macos-x86_64, r-oldrel-windows-x86_64

Version: 1.0.6-1
Check: installed package size
Result: NOTE installed size is 5.8Mb sub-directories of 1Mb or more: libs 1.5Mb shiny 4.3Mb Flavors: r-release-macos-arm64, r-release-macos-x86_64, r-release-windows-x86_64, r-oldrel-macos-arm64, r-oldrel-macos-x86_64, r-oldrel-windows-x86_64