CRAN Package Check Results for Package HIV.LifeTables

Last updated on 2021-06-13 23:49:08 CEST.

Flavor Version Tinstall Tcheck Ttotal Status Flags
r-devel-linux-x86_64-debian-clang 0.1 3.76 28.10 31.86 NOTE
r-devel-linux-x86_64-debian-gcc 0.1 2.46 22.71 25.17 NOTE
r-devel-linux-x86_64-fedora-clang 0.1 46.99 NOTE
r-devel-linux-x86_64-fedora-gcc 0.1 36.52 NOTE
r-devel-windows-x86_64 0.1 5.00 40.00 45.00 NOTE
r-devel-windows-x86_64-gcc10-UCRT 0.1 NOTE
r-patched-linux-x86_64 0.1 3.28 27.58 30.86 NOTE
r-patched-solaris-x86 0.1 55.10 NOTE
r-release-linux-x86_64 0.1 3.08 27.23 30.31 NOTE
r-release-macos-arm64 0.1 NOTE
r-release-macos-x86_64 0.1 NOTE
r-release-windows-ix86+x86_64 0.1 6.00 29.00 35.00 NOTE
r-oldrel-macos-x86_64 0.1 NOTE
r-oldrel-windows-ix86+x86_64 0.1 5.00 37.00 42.00 NOTE

Check Details

Version: 0.1
Check: DESCRIPTION meta-information
Result: NOTE
    Malformed Description field: should contain one or more complete sentences.
Flavors: r-devel-linux-x86_64-debian-clang, r-devel-linux-x86_64-debian-gcc, r-devel-linux-x86_64-fedora-clang, r-devel-linux-x86_64-fedora-gcc, r-devel-windows-x86_64, r-devel-windows-x86_64-gcc10-UCRT, r-patched-linux-x86_64, r-patched-solaris-x86, r-release-linux-x86_64, r-release-macos-arm64, r-release-macos-x86_64, r-release-windows-ix86+x86_64, r-oldrel-macos-x86_64, r-oldrel-windows-ix86+x86_64

Version: 0.1
Check: R code for possible problems
Result: NOTE
    mortmod.45q15: no visible global function definition for 'median'
    mortmod.45q15: no visible binding for global variable 'svd.coeffs.xp'
    mortmod.45q15: no visible binding for global variable 'africa.nums'
    mortmod.45q15: no visible global function definition for 'predict.lm'
    mortmod.45q15: no visible binding for global variable
     'co1.45q15mod.a.m'
    mortmod.45q15: no visible binding for global variable
     'co2.45q15mod.a.m'
    mortmod.45q15: no visible binding for global variable
     'co3.45q15mod.a.m'
    mortmod.45q15: no visible binding for global variable 'Mx.svd.scores'
    mortmod.45q15 : out.mort.func: no visible binding for global variable
     'Mx.svd.scores'
    mortmod.45q15: no visible global function definition for 'optimize'
    mortmod.45q15: no visible global function definition for 'approx'
    mortmod.45q15: no visible binding for global variable
     'co1.45q15mod.a.f'
    mortmod.45q15: no visible binding for global variable
     'co2.45q15mod.a.f'
    mortmod.45q15: no visible binding for global variable
     'co3.45q15mod.a.f'
    mortmod.45q15: no visible binding for global variable 'la.nums'
    mortmod.45q15: no visible binding for global variable
     'co1.45q15mod.na.m'
    mortmod.45q15: no visible binding for global variable
     'co2.45q15mod.na.m'
    mortmod.45q15: no visible binding for global variable
     'co3.45q15mod.na.m'
    mortmod.45q15: no visible binding for global variable
     'co1.45q15mod.na.f'
    mortmod.45q15: no visible binding for global variable
     'co2.45q15mod.na.f'
    mortmod.45q15: no visible binding for global variable
     'co3.45q15mod.na.f'
    mortmod.5q0: no visible global function definition for 'median'
    mortmod.5q0: no visible binding for global variable 'svd.coeffs.xp'
    mortmod.5q0: no visible binding for global variable 'africa.nums'
    mortmod.5q0: no visible global function definition for 'predict.lm'
    mortmod.5q0: no visible binding for global variable 'co1.5q0mod.a.m'
    mortmod.5q0: no visible binding for global variable 'co2.5q0mod.a.m'
    mortmod.5q0: no visible binding for global variable 'co3.5q0mod.a.m'
    mortmod.5q0: no visible binding for global variable 'Mx.svd.scores'
    mortmod.5q0: no visible global function definition for 'approx'
    mortmod.5q0: no visible binding for global variable 'co1.5q0mod.a.f'
    mortmod.5q0: no visible binding for global variable 'co2.5q0mod.a.f'
    mortmod.5q0: no visible binding for global variable 'co3.5q0mod.a.f'
    mortmod.5q0: no visible binding for global variable 'la.nums'
    mortmod.5q0: no visible binding for global variable 'co1.5q0mod.na.m'
    mortmod.5q0: no visible binding for global variable 'co2.5q0mod.na.m'
    mortmod.5q0: no visible binding for global variable 'co3.5q0mod.na.m'
    mortmod.5q0: no visible binding for global variable 'co1.5q0mod.na.f'
    mortmod.5q0: no visible binding for global variable 'co2.5q0mod.na.f'
    mortmod.5q0: no visible binding for global variable 'co3.5q0mod.na.f'
    mortmod.e0: no visible global function definition for 'median'
    mortmod.e0: no visible binding for global variable 'svd.coeffs.xp'
    mortmod.e0: no visible binding for global variable 'africa.nums'
    mortmod.e0: no visible global function definition for 'predict.lm'
    mortmod.e0: no visible binding for global variable 'co1.e0mod.a.m'
    mortmod.e0: no visible binding for global variable 'co2.e0mod.a.m'
    mortmod.e0: no visible binding for global variable 'co3.e0mod.a.m'
    mortmod.e0: no visible binding for global variable 'Mx.svd.scores'
    mortmod.e0 : out.mort.func: no visible binding for global variable
     'Mx.svd.scores'
    mortmod.e0: no visible global function definition for 'optimize'
    mortmod.e0: no visible binding for global variable 'co1.e0mod.a.f'
    mortmod.e0: no visible binding for global variable 'co2.e0mod.a.f'
    mortmod.e0: no visible binding for global variable 'co3.e0mod.a.f'
    mortmod.e0: no visible binding for global variable 'la.nums'
    mortmod.e0: no visible binding for global variable 'co1.e0mod.na.m'
    mortmod.e0: no visible binding for global variable 'co2.e0mod.na.m'
    mortmod.e0: no visible binding for global variable 'co3.e0mod.na.m'
    mortmod.e0: no visible binding for global variable 'co1.e0mod.na.f'
    mortmod.e0: no visible binding for global variable 'co2.e0mod.na.f'
    mortmod.e0: no visible binding for global variable 'co3.e0mod.na.f'
    Undefined global functions or variables:
     Mx.svd.scores africa.nums approx co1.45q15mod.a.f co1.45q15mod.a.m
     co1.45q15mod.na.f co1.45q15mod.na.m co1.5q0mod.a.f co1.5q0mod.a.m
     co1.5q0mod.na.f co1.5q0mod.na.m co1.e0mod.a.f co1.e0mod.a.m
     co1.e0mod.na.f co1.e0mod.na.m co2.45q15mod.a.f co2.45q15mod.a.m
     co2.45q15mod.na.f co2.45q15mod.na.m co2.5q0mod.a.f co2.5q0mod.a.m
     co2.5q0mod.na.f co2.5q0mod.na.m co2.e0mod.a.f co2.e0mod.a.m
     co2.e0mod.na.f co2.e0mod.na.m co3.45q15mod.a.f co3.45q15mod.a.m
     co3.45q15mod.na.f co3.45q15mod.na.m co3.5q0mod.a.f co3.5q0mod.a.m
     co3.5q0mod.na.f co3.5q0mod.na.m co3.e0mod.a.f co3.e0mod.a.m
     co3.e0mod.na.f co3.e0mod.na.m la.nums median optimize predict.lm
     svd.coeffs.xp
    Consider adding
     importFrom("stats", "approx", "median", "optimize", "predict.lm")
    to your NAMESPACE file.
Flavors: r-devel-linux-x86_64-debian-clang, r-devel-linux-x86_64-debian-gcc, r-devel-linux-x86_64-fedora-clang, r-devel-linux-x86_64-fedora-gcc, r-devel-windows-x86_64, r-devel-windows-x86_64-gcc10-UCRT, r-patched-linux-x86_64, r-patched-solaris-x86, r-release-linux-x86_64, r-release-macos-arm64, r-release-macos-x86_64, r-release-windows-ix86+x86_64, r-oldrel-macos-x86_64, r-oldrel-windows-ix86+x86_64