Last updated on 2024-08-31 23:49:05 CEST.
Flavor | Version | Tinstall | Tcheck | Ttotal | Status | Flags |
---|---|---|---|---|---|---|
r-devel-linux-x86_64-debian-clang | 1.0.1 | 4.05 | 29.57 | 33.62 | NOTE | |
r-devel-linux-x86_64-debian-gcc | 1.0.1 | 2.82 | 21.14 | 23.96 | NOTE | |
r-devel-linux-x86_64-fedora-clang | 1.0.1 | 56.00 | NOTE | |||
r-devel-linux-x86_64-fedora-gcc | 1.0.1 | 55.03 | NOTE | |||
r-devel-windows-x86_64 | 1.0.1 | 6.00 | 48.00 | 54.00 | NOTE | |
r-patched-linux-x86_64 | 1.0.1 | 5.32 | 27.96 | 33.28 | NOTE | |
r-release-linux-x86_64 | 1.0.1 | 4.48 | 28.34 | 32.82 | NOTE | |
r-release-macos-arm64 | 1.0.1 | 18.00 | NOTE | |||
r-release-macos-x86_64 | 1.0.1 | 34.00 | NOTE | |||
r-release-windows-x86_64 | 1.0.1 | 5.00 | 48.00 | 53.00 | NOTE | |
r-oldrel-macos-arm64 | 1.0.1 | 19.00 | NOTE | |||
r-oldrel-macos-x86_64 | 1.0.1 | 27.00 | NOTE | |||
r-oldrel-windows-x86_64 | 1.0.1 | 6.00 | 53.00 | 59.00 | NOTE |
Version: 1.0.1
Check: LazyData
Result: NOTE
'LazyData' is specified without a 'data' directory
Flavors: r-devel-linux-x86_64-debian-clang, r-devel-linux-x86_64-debian-gcc, r-devel-linux-x86_64-fedora-clang, r-devel-linux-x86_64-fedora-gcc, r-devel-windows-x86_64, r-patched-linux-x86_64, r-release-linux-x86_64, r-release-macos-arm64, r-release-macos-x86_64, r-release-windows-x86_64, r-oldrel-macos-arm64, r-oldrel-macos-x86_64, r-oldrel-windows-x86_64