Last updated on 2024-04-25 23:51:44 CEST.
Flavor | Version | Tinstall | Tcheck | Ttotal | Status | Flags |
---|---|---|---|---|---|---|
r-devel-linux-x86_64-debian-clang | 2.0.1 | 15.63 | 117.95 | 133.58 | OK | |
r-devel-linux-x86_64-debian-gcc | 2.0.1 | 9.85 | 87.54 | 97.39 | OK | |
r-devel-linux-x86_64-fedora-clang | 2.0.1 | 161.62 | NOTE | |||
r-devel-linux-x86_64-fedora-gcc | 2.0.1 | 166.55 | OK | |||
r-devel-windows-x86_64 | 2.0.1 | 14.00 | 119.00 | 133.00 | OK | |
r-patched-linux-x86_64 | 2.0.1 | 12.49 | 111.59 | 124.08 | OK | |
r-release-linux-x86_64 | 2.0.1 | 10.05 | 111.59 | 121.64 | OK | |
r-release-macos-arm64 | 2.0.1 | 51.00 | OK | |||
r-release-windows-x86_64 | 2.0.1 | 13.00 | 117.00 | 130.00 | OK | |
r-oldrel-macos-arm64 | 2.0.1 | 64.00 | OK | |||
r-oldrel-macos-x86_64 | 2.0.1 | 91.00 | OK | |||
r-oldrel-windows-x86_64 | 2.0.1 | 15.00 | 137.00 | 152.00 | OK |
Version: 2.0.1
Check: Rd cross-references
Result: NOTE
Undeclared package ‘genalg’ in Rd xrefs
Flavor: r-devel-linux-x86_64-fedora-clang