CRAN Package Check Results for Package HRW

Last updated on 2021-04-21 05:48:38 CEST.

Flavor Version Tinstall Tcheck Ttotal Status Flags
r-devel-linux-x86_64-debian-clang 1.0-4 16.33 54.12 70.45 OK
r-devel-linux-x86_64-debian-gcc 1.0-4 13.73 42.79 56.52 OK
r-devel-linux-x86_64-fedora-clang 1.0-4 94.97 NOTE
r-devel-linux-x86_64-fedora-gcc 1.0-4 84.20 OK
r-devel-windows-ix86+x86_64 1.0-4 25.00 60.00 85.00 NOTE
r-devel-windows-x86_64-gcc10-UCRT 1.0-4 OK
r-patched-linux-x86_64 1.0-4 16.52 51.56 68.08 OK
r-patched-solaris-x86 1.0-4 136.60 NOTE
r-release-linux-x86_64 1.0-4 16.12 51.05 67.17 OK
r-release-macos-x86_64 1.0-4 NOTE
r-release-windows-ix86+x86_64 1.0-4 24.00 80.00 104.00 NOTE
r-oldrel-macos-x86_64 1.0-4 NOTE
r-oldrel-windows-ix86+x86_64 1.0-4 25.00 74.00 99.00 NOTE

Check Details

Version: 1.0-4
Check: installed package size
Result: NOTE
     installed size is 7.6Mb
     sub-directories of 1Mb or more:
     data 7.1Mb
Flavors: r-devel-linux-x86_64-fedora-clang, r-devel-windows-ix86+x86_64, r-patched-solaris-x86, r-release-macos-x86_64, r-release-windows-ix86+x86_64, r-oldrel-macos-x86_64, r-oldrel-windows-ix86+x86_64