CRAN Package Check Results for Package HSAR

Last updated on 2019-07-16 05:48:16 CEST.

Flavor Version Tinstall Tcheck Ttotal Status Flags
r-devel-linux-x86_64-debian-clang 0.4.2 117.62 115.84 233.46 WARN
r-devel-linux-x86_64-debian-gcc 0.4.2 98.65 95.16 193.81 OK
r-devel-linux-x86_64-fedora-clang 0.4.2 325.57 WARN
r-devel-linux-x86_64-fedora-gcc 0.4.2 328.80 OK
r-devel-windows-ix86+x86_64 0.4.2 288.00 262.00 550.00 OK
r-patched-linux-x86_64 0.4.2 113.65 119.11 232.76 OK
r-patched-solaris-x86 0.4.2 458.00 OK
r-release-linux-x86_64 0.4.2 109.36 116.28 225.64 OK
r-release-windows-ix86+x86_64 0.4.2 215.00 246.00 461.00 OK
r-release-osx-x86_64 0.4.2 WARN
r-oldrel-windows-ix86+x86_64 0.4.2 280.00 224.00 504.00 OK
r-oldrel-osx-x86_64 0.4.2 NOTE

Check Details

Version: 0.4.2
Check: whether package can be installed
Result: WARN
    Found the following significant warnings:
     sar.cpp:210:32: warning: explicitly assigning value of variable of type 'arma::sp_mat' (aka 'SpMat<double>') to itself [-Wself-assign-overloaded]
Flavors: r-devel-linux-x86_64-debian-clang, r-devel-linux-x86_64-fedora-clang, r-release-osx-x86_64

Version: 0.4.2
Check: installed package size
Result: NOTE
     installed size is 9.0Mb
     sub-directories of 1Mb or more:
     libs 8.5Mb
Flavors: r-devel-linux-x86_64-fedora-clang, r-release-osx-x86_64, r-oldrel-osx-x86_64