Last updated on 2019-02-18 23:51:32 CET.
Flavor | Version | Tinstall | Tcheck | Ttotal | Status | Flags |
---|---|---|---|---|---|---|
r-devel-linux-x86_64-debian-clang | 0.4.2 | 114.73 | 108.83 | 223.56 | WARN | |
r-devel-linux-x86_64-debian-gcc | 0.4.2 | 96.16 | 90.51 | 186.67 | OK | |
r-devel-linux-x86_64-fedora-clang | 0.4.2 | 358.73 | WARN | |||
r-devel-linux-x86_64-fedora-gcc | 0.4.2 | 311.81 | OK | |||
r-devel-windows-ix86+x86_64 | 0.4.2 | 265.00 | 158.00 | 423.00 | OK | |
r-patched-linux-x86_64 | 0.4.2 | 111.82 | 104.02 | 215.84 | OK | |
r-patched-solaris-x86 | 0.4.2 | 368.90 | OK | |||
r-release-linux-x86_64 | 0.4.2 | OK | ||||
r-release-windows-ix86+x86_64 | 0.4.2 | 210.00 | 152.00 | 362.00 | OK | |
r-release-osx-x86_64 | 0.4.2 | NOTE | ||||
r-oldrel-windows-ix86+x86_64 | 0.4.2 | 218.00 | 5.00 | 223.00 | ERROR | |
r-oldrel-osx-x86_64 | 0.4.2 | NOTE |
Version: 0.4.2
Check: whether package can be installed
Result: WARN
Found the following significant warnings:
sar.cpp:210:32: warning: explicitly assigning value of variable of type 'arma::sp_mat' (aka 'SpMat<double>') to itself [-Wself-assign-overloaded]
Flavors: r-devel-linux-x86_64-debian-clang, r-devel-linux-x86_64-fedora-clang
Version: 0.4.2
Check: installed package size
Result: NOTE
installed size is 8.7Mb
sub-directories of 1Mb or more:
libs 8.2Mb
Flavors: r-devel-linux-x86_64-fedora-clang, r-release-osx-x86_64, r-oldrel-osx-x86_64
Version: 0.4.2
Check: whether package can be installed
Result: ERROR
Installation failed.
Flavor: r-oldrel-windows-ix86+x86_64