CRAN Package Check Results for Package HTLR

Last updated on 2021-10-19 05:51:03 CEST.

Flavor Version Tinstall Tcheck Ttotal Status Flags
r-devel-linux-x86_64-debian-clang 0.4-3 97.48 77.10 174.58 OK --no-vignettes
r-devel-linux-x86_64-debian-gcc 0.4-3 69.96 59.54 129.50 OK --no-vignettes
r-devel-linux-x86_64-fedora-clang 0.4-3 522.80 NOTE
r-devel-linux-x86_64-fedora-gcc 0.4-3 870.98 OK
r-devel-windows-x86_64 0.4-3 120.00 292.00 412.00 OK
r-devel-windows-x86_64-gcc10-UCRT 0.4-3 OK
r-patched-linux-x86_64 0.4-3 81.88 74.06 155.94 OK --no-vignettes
r-patched-solaris-x86 0.4-3 498.40 OK
r-release-linux-x86_64 0.4-3 80.30 75.12 155.42 OK --no-vignettes
r-release-macos-arm64 0.4-3 NOTE
r-release-macos-x86_64 0.4-3 NOTE
r-release-windows-ix86+x86_64 0.4-3 165.00 333.00 498.00 OK
r-oldrel-macos-x86_64 0.4-3 NOTE
r-oldrel-windows-ix86+x86_64 0.4-3 227.00 338.00 565.00 OK

Check Details

Version: 0.4-3
Check: installed package size
Result: NOTE
     installed size is 5.2Mb
     sub-directories of 1Mb or more:
     doc 1.1Mb
     libs 2.9Mb
Flavors: r-devel-linux-x86_64-fedora-clang, r-release-macos-arm64, r-release-macos-x86_64, r-oldrel-macos-x86_64